{"id":80,"date":"2019-12-21T19:32:58","date_gmt":"2019-12-21T17:32:58","guid":{"rendered":"https:\/\/monta-amazona.com\/aema\/?page_id=80"},"modified":"2024-06-12T00:15:42","modified_gmt":"2024-06-11T22:15:42","slug":"socias","status":"publish","type":"page","link":"https:\/\/www.monta-amazona.com\/aema\/socias\/","title":{"rendered":"Socias"},"content":{"rendered":"\r\n\r\n\r\n\r\n\r\n\r\n\r\n<p style=\"text-align: center; font-size: 24px; font-family: Milonga; color: rgb(104, 104, 178);\">SOCIAS<\/p>\r\n\r\n\r\n\r\n\r\n\r\n\r\n\r\n\r\n\r\n\r\n\r\n\r\n\r\n\r\n\r\n\r\n\r\n\r\n\r\n\r\n\r\n\r\n\r\n\r\n\r\n<p style=\"text-align: center;\"><font color=\"#6868b2\"><span style=\"font-size: 16px; font-weight: 700; font-family: \"Open Sans\";\">Creando afici\u00f3n a la amazona cada d\u00eda<\/span> <\/font><\/p>\r\n\r\n<p style=\"text-align: center;\"><span style=\"font-size:16px;\"><font color=\"#6868b2\"><span style=\"line-height: 2.5; font-family: \"Open Sans\";\"><span style=\"font-family:Open Sans;\">El apasionante mundo de la equitaci&oacute;n exclusivo para la mujer<\/span>.<\/span><\/font><\/font><\/span><\/p>\r\n\r\n\r\n\r\n\r\n\r\n\r\n\r\n\r\n\r\n<p>La Asociaci\u00f3n engloba y acoge todas las vertientes de la Monta a la Amazona, proporcionando un lugar com\u00fan de encuentro, amistad, y formaci\u00f3n. Nuestras socias hacen que la Asociaci\u00f3n se desarrolle d\u00eda a d\u00eda, para progresar, enriquecerse y disfrutar de esta bella forma de montar a caballo.&nbsp; Principalmente enfocada hacia la mujer que monta a la amazona, tambi\u00e9n forman parte de esta asociaci\u00f3n un importante n\u00famero de caballeros.<\/p>\r\n\r\n\r\n\r\n\r\n\r\n\r\n\r\n\r\n\r\n\r\n\r\n\r\n\r\n\r\n<h6>Estilos<\/h6>\r\n\r\n\r\n<h6>Deporte<\/h6>\r\n\r\n\r\n\r\n\r\n<p><span style=\"font-size: 16px; color: rgb(63, 63, 63); background-color: transparent;\">\u25cf Espa\u00f1ola<\/span><br><span style=\"color: rgb(63, 63, 63); font-size: 16px;\">\u25cf&nbsp;<\/span><span style=\"font-size: 16px; color: rgb(63, 63, 63); background-color: transparent;\">Vaquera<\/span><br><span style=\"color: rgb(63, 63, 63); font-size: 16px;\">\u25cf&nbsp;<\/span><span style=\"font-size: 16px; color: rgb(63, 63, 63); background-color: transparent;\">Inglesa<\/span><\/p><p><span style=\"font-size: 12px; color: rgb(63, 63, 63); background-color: transparent;\"><span style=\"font-size: 12px; color: rgb(63, 63, 63); background-color: transparent;\"><br><\/span>y cualquier estilo tradicional de monta a la amazona reconocido por asociaciones de otros pa\u00edses<\/span><\/p>\r\n\r\n\r\n<p><span style=\"font-size: 16px; color: rgb(63, 63, 63); background-color: transparent;\">\u25cf Equitaci\u00f3n <span style=\"font-size: 12px;\">a la amazona<\/span><\/span><br><span style=\"color: rgb(63, 63, 63); font-size: 16px;\">\u25cf&nbsp;<\/span><span style=\"font-size: 16px; color: rgb(63, 63, 63); background-color: transparent;\">Vaquera<br><\/span><span style=\"font-size: 16px; color: rgb(63, 63, 63);\">\u25cf&nbsp;<\/span><span style=\"font-size: 16px; background-color: transparent; color: rgb(63, 63, 63);\">Destreza &#8211; ET<\/span><br><span style=\"color: rgb(63, 63, 63); font-size: 16px;\">\u25cf&nbsp;<\/span><span style=\"font-size: 16px; color: rgb(63, 63, 63); background-color: transparent;\">Salto<br><\/span><span style=\"font-size: 16px; color: rgb(63, 63, 63);\">\u25cf&nbsp;<\/span><span style=\"font-size: 16px; background-color: transparent; color: rgb(63, 63, 63);\">Rutas<br><\/span><span style=\"font-size: 16px; color: rgb(63, 63, 63);\">\u25cf&nbsp;<\/span><span style=\"font-size: 16px; background-color: transparent; color: rgb(63, 63, 63);\">Paseos<br><\/span><span style=\"font-size: 16px; color: rgb(63, 63, 63);\">\u25cf&nbsp;<\/span><span style=\"font-size: 16px; background-color: transparent; color: rgb(63, 63, 63);\">D\u00edas de Campo<br><\/span><span style=\"color: rgb(63, 63, 63); font-size: 16px;\">\u25cf&nbsp;<\/span><span style=\"font-size: 16px; background-color: transparent; color: rgb(63, 63, 63);\">Entrenamiento<br><\/span><span style=\"color: rgb(63, 63, 63); font-size: 16px;\">\u25cf P<\/span><span style=\"font-size: 16px; background-color: transparent; color: rgb(63, 63, 63);\">erfeccionamiento<\/span><\/p>\r\n\r\n\r\n\r\n\r\n\r\n\r\n\r\n\r\n\r\n\r\n\r\n\r\n\r\n","protected":false},"excerpt":{"rendered":"","protected":false},"author":1,"featured_media":0,"parent":0,"menu_order":0,"comment_status":"closed","ping_status":"closed","template":"","meta":{"pagelayer_contact_templates":[],"_pagelayer_content":"","footnotes":""},"folder":[18],"class_list":["post-80","page","type-page","status-publish","hentry"],"_links":{"self":[{"href":"https:\/\/www.monta-amazona.com\/aema\/wp-json\/wp\/v2\/pages\/80","targetHints":{"allow":["GET"]}}],"collection":[{"href":"https:\/\/www.monta-amazona.com\/aema\/wp-json\/wp\/v2\/pages"}],"about":[{"href":"https:\/\/www.monta-amazona.com\/aema\/wp-json\/wp\/v2\/types\/page"}],"author":[{"embeddable":true,"href":"https:\/\/www.monta-amazona.com\/aema\/wp-json\/wp\/v2\/users\/1"}],"replies":[{"embeddable":true,"href":"https:\/\/www.monta-amazona.com\/aema\/wp-json\/wp\/v2\/comments?post=80"}],"version-history":[{"count":4,"href":"https:\/\/www.monta-amazona.com\/aema\/wp-json\/wp\/v2\/pages\/80\/revisions"}],"predecessor-version":[{"id":85,"href":"https:\/\/www.monta-amazona.com\/aema\/wp-json\/wp\/v2\/pages\/80\/revisions\/85"}],"wp:attachment":[{"href":"https:\/\/www.monta-amazona.com\/aema\/wp-json\/wp\/v2\/media?parent=80"}],"wp:term":[{"taxonomy":"folder","embeddable":true,"href":"https:\/\/www.monta-amazona.com\/aema\/wp-json\/wp\/v2\/folder?post=80"}],"curies":[{"name":"wp","href":"https:\/\/api.w.org\/{rel}","templated":true}]}}