{"id":13,"date":"2020-12-29T23:03:31","date_gmt":"2020-12-29T23:03:31","guid":{"rendered":"https:\/\/monta-amazona.x10.mx\/club\/?page_id=13"},"modified":"2024-08-24T06:15:33","modified_gmt":"2024-08-24T06:15:33","slug":"club","status":"publish","type":"page","link":"https:\/\/www.monta-amazona.com\/club\/","title":{"rendered":"Club"},"content":{"rendered":"\n<div class=\"wp-block-columns is-layout-flex wp-container-core-columns-is-layout-9d6595d7 wp-block-columns-is-layout-flex\">\n<div class=\"wp-block-column is-layout-flow wp-block-column-is-layout-flow\"><div class=\"wp-block-image\">\n<figure class=\"aligncenter size-large is-resized\"><img loading=\"lazy\" decoding=\"async\" width=\"512\" height=\"512\" src=\"https:\/\/monta-amazona.x10.mx\/club\/wp-content\/uploads\/2020\/12\/cropped-LogoAEMAColor_06_512.png\" alt=\"\" class=\"wp-image-50\" style=\"width:125px;height:125px\" srcset=\"https:\/\/www.monta-amazona.com\/club\/wp-content\/uploads\/2020\/12\/cropped-LogoAEMAColor_06_512.png 512w, https:\/\/www.monta-amazona.com\/club\/wp-content\/uploads\/2020\/12\/cropped-LogoAEMAColor_06_512-300x300.png 300w, https:\/\/www.monta-amazona.com\/club\/wp-content\/uploads\/2020\/12\/cropped-LogoAEMAColor_06_512-150x150.png 150w, https:\/\/www.monta-amazona.com\/club\/wp-content\/uploads\/2020\/12\/cropped-LogoAEMAColor_06_512-230x230.png 230w, https:\/\/www.monta-amazona.com\/club\/wp-content\/uploads\/2020\/12\/cropped-LogoAEMAColor_06_512-80x80.png 80w, https:\/\/www.monta-amazona.com\/club\/wp-content\/uploads\/2020\/12\/cropped-LogoAEMAColor_06_512-270x270.png 270w, https:\/\/www.monta-amazona.com\/club\/wp-content\/uploads\/2020\/12\/cropped-LogoAEMAColor_06_512-192x192.png 192w, https:\/\/www.monta-amazona.com\/club\/wp-content\/uploads\/2020\/12\/cropped-LogoAEMAColor_06_512-180x180.png 180w, https:\/\/www.monta-amazona.com\/club\/wp-content\/uploads\/2020\/12\/cropped-LogoAEMAColor_06_512-32x32.png 32w\" sizes=\"auto, (max-width: 512px) 100vw, 512px\" \/><\/figure>\n<\/div>\n\n\n<p class=\"has-text-align-center\" style=\"font-size:26px\">Monta a la Amazona<\/p>\n\n\n\n<p class=\"has-text-align-center\" style=\"font-size:24px\">\u00abGarbeo Virtual\u00bb AEMA<\/p>\n\n\n\n<p class=\"has-text-align-center\" style=\"font-size:22px\">Competici\u00f3n no presencial<\/p>\n\n\n\n<p class=\"has-text-align-center\" style=\"font-size:18px\">Asociaci\u00f3n Espa\u00f1ola <br>de Monta a la Amazona<\/p>\n\n\n<div class=\"wp-block-image\">\n<figure class=\"aligncenter size-large\"><img decoding=\"async\" src=\"http:\/\/monta-amazona.x10.mx\/club\/wp-content\/uploads\/2020\/12\/bandera12_100.png\" alt=\"\" class=\"wp-image-21\"\/><\/figure>\n<\/div><\/div>\n\n\n\n<div class=\"wp-block-column is-layout-flow wp-block-column-is-layout-flow\">\n<figure class=\"wp-block-image size-large\"><img decoding=\"async\" src=\"http:\/\/monta-amazona.x10.mx\/club\/wp-content\/uploads\/2020\/12\/garbeoMundo800.jpg\" alt=\"\" class=\"wp-image-20\"\/><figcaption class=\"wp-element-caption\">Abierto a participantes a la amazona de todo el mundo, desde la comodidad del lugar habitual en el que monten su caballo<\/figcaption><\/figure>\n<\/div>\n<\/div>\n\n\n\n<p class=\"has-text-align-center has-medium-font-size\" id=\"garbeo\">todo lo que necesitas saber sobre el \u00abGarbeo Virtual\u00bb AEMA \u261e <a href=\"https:\/\/www.monta-amazona.com\/club\/garbeo\/\">aqu\u00ed<\/a><\/p>\n\n\n\n<div class=\"wp-block-media-text alignwide is-stacked-on-mobile\" id=\"garbeo\"><figure class=\"wp-block-media-text__media\"><a href=\"https:\/\/www.monta-amazona.com\/club\/wp-content\/uploads\/2023\/08\/231102_GV8_900.jpg\" target=\"_blank\" rel=\"noreferrer noopener\"><img loading=\"lazy\" decoding=\"async\" width=\"900\" height=\"900\" src=\"https:\/\/www.monta-amazona.com\/club\/wp-content\/uploads\/2023\/08\/231102_GV8_900.jpg\" alt=\"\" class=\"wp-image-1155 size-full\" srcset=\"https:\/\/www.monta-amazona.com\/club\/wp-content\/uploads\/2023\/08\/231102_GV8_900.jpg 900w, https:\/\/www.monta-amazona.com\/club\/wp-content\/uploads\/2023\/08\/231102_GV8_900-300x300.jpg 300w, https:\/\/www.monta-amazona.com\/club\/wp-content\/uploads\/2023\/08\/231102_GV8_900-150x150.jpg 150w, https:\/\/www.monta-amazona.com\/club\/wp-content\/uploads\/2023\/08\/231102_GV8_900-768x768.jpg 768w, https:\/\/www.monta-amazona.com\/club\/wp-content\/uploads\/2023\/08\/231102_GV8_900-12x12.jpg 12w, https:\/\/www.monta-amazona.com\/club\/wp-content\/uploads\/2023\/08\/231102_GV8_900-230x230.jpg 230w, https:\/\/www.monta-amazona.com\/club\/wp-content\/uploads\/2023\/08\/231102_GV8_900-80x80.jpg 80w, https:\/\/www.monta-amazona.com\/club\/wp-content\/uploads\/2023\/08\/231102_GV8_900-600x600.jpg 600w, https:\/\/www.monta-amazona.com\/club\/wp-content\/uploads\/2023\/08\/231102_GV8_900-100x100.jpg 100w\" sizes=\"auto, (max-width: 900px) 100vw, 900px\" \/><\/a><\/figure><div class=\"wp-block-media-text__content\">\n<p class=\"has-text-align-center has-text-color has-large-font-size\" style=\"color:#7b1f46\">\u00abGarbeo Virtual 8\u00bb <\/p>\n\n\n\n<p class=\"has-text-align-center\" style=\"font-size:22px\">Oto\u00f1o 2023<br>Bimestral<\/p>\n\n\n\n<p class=\"has-text-align-center has-medium-font-size\">terminado<br>desde 1 Septiembre 2023<br>hasta <span style=\"color: #3366ff;\">2 Noviembre<\/span> 2023<\/p>\n\n\n\n<p class=\"has-text-align-center has-cyan-bluish-gray-color has-text-color has-small-font-size\"><em>pincha sobre la imagen para ampliar<\/em><\/p>\n<\/div><\/div>\n\n\n\n<p style=\"font-size:12px\">\u00a9AEMA 2020<\/p>\n","protected":false},"excerpt":{"rendered":"<p>Monta a la Amazona \u00abGarbeo Virtual\u00bb AEMA Competici\u00f3n no presencial Asociaci\u00f3n Espa\u00f1ola de Monta a la Amazona todo lo que necesitas saber sobre el \u00abGarbeo Virtual\u00bb AEMA \u261e aqu\u00ed \u00abGarbeo Virtual 8\u00bb Oto\u00f1o 2023Bimestral terminadodesde 1 Septiembre 2023hasta 2 Noviembre&hellip; <\/p>\n","protected":false},"author":1,"featured_media":0,"parent":0,"menu_order":0,"comment_status":"closed","ping_status":"closed","template":"","meta":{"footnotes":""},"folder":[],"class_list":["post-13","page","type-page","status-publish","hentry"],"_links":{"self":[{"href":"https:\/\/www.monta-amazona.com\/club\/wp-json\/wp\/v2\/pages\/13","targetHints":{"allow":["GET"]}}],"collection":[{"href":"https:\/\/www.monta-amazona.com\/club\/wp-json\/wp\/v2\/pages"}],"about":[{"href":"https:\/\/www.monta-amazona.com\/club\/wp-json\/wp\/v2\/types\/page"}],"author":[{"embeddable":true,"href":"https:\/\/www.monta-amazona.com\/club\/wp-json\/wp\/v2\/users\/1"}],"replies":[{"embeddable":true,"href":"https:\/\/www.monta-amazona.com\/club\/wp-json\/wp\/v2\/comments?post=13"}],"version-history":[{"count":40,"href":"https:\/\/www.monta-amazona.com\/club\/wp-json\/wp\/v2\/pages\/13\/revisions"}],"predecessor-version":[{"id":1365,"href":"https:\/\/www.monta-amazona.com\/club\/wp-json\/wp\/v2\/pages\/13\/revisions\/1365"}],"wp:attachment":[{"href":"https:\/\/www.monta-amazona.com\/club\/wp-json\/wp\/v2\/media?parent=13"}],"wp:term":[{"taxonomy":"folder","embeddable":true,"href":"https:\/\/www.monta-amazona.com\/club\/wp-json\/wp\/v2\/folder?post=13"}],"curies":[{"name":"wp","href":"https:\/\/api.w.org\/{rel}","templated":true}]}}