{"id":17,"date":"2020-12-29T23:14:57","date_gmt":"2020-12-29T23:14:57","guid":{"rendered":"https:\/\/monta-amazona.x10.mx\/club\/?page_id=17"},"modified":"2020-12-29T23:15:43","modified_gmt":"2020-12-29T23:15:43","slug":"objetivo","status":"publish","type":"page","link":"https:\/\/www.monta-amazona.com\/club\/objetivo\/","title":{"rendered":"Objetivo"},"content":{"rendered":"\n<p class=\"has-text-align-right\" style=\"font-size:8px\">language option in the footer<\/p>\n\n\n\n<p class=\"has-text-align-center\" style=\"font-size:30px\">\u00abParticipar para crecer y aprender\u00bb<\/p>\n\n\n\n<figure class=\"wp-block-image size-large\"><img decoding=\"async\" src=\"http:\/\/monta-amazona.x10.mx\/club\/wp-content\/uploads\/2020\/12\/IMG_1198d-1536x647-1-1024x431.jpg\" alt=\"\" class=\"wp-image-47\"\/><\/figure>\n\n\n\n<p class=\"has-drop-cap\" style=\"font-size:18px\">Desde AEMA animamos a todas las amazonas a mantenerse activas en esta modalidad, con ilusi\u00f3n y objetivos renovados de cara a nuevos retos para retomar la actividad normal en cuanto sea posible.<br>Las circunstancias en las que nos encontramos nos han limitado la vida en muchas facetas pero esto no debe arrastrarnos a la desmotivaci\u00f3n. Por eso queremos ayudar para visualizar los objetivos para el entrenamiento de caballos y amazonas, y volver a ponerse en forma.<\/p>\n\n\n\n<p style=\"font-size:18px\">AEMA pone a vuestra disposici\u00f3n un programa de pruebas para la monta a la amazona que est\u00e1n dise\u00f1adas para realizar una progresi\u00f3n de aprendizaje y entrenamiento como medio no solo para entrenar con asiduidad, sino tambi\u00e9n para recibir aclaraciones de las jueces que ayudar\u00e1n a mejorar su equitaci\u00f3n a la amazona.<\/p>\n\n\n\n<p style=\"font-size:18px\">Las pruebas AEMA ofrecen la oportunidad de competir desde la comodidad de su casa o centro h\u00edpico sin desplazamientos y en el momento que m\u00e1s le convenga, ganar escarapelas y recibir comentarios constructivos y alentadores de las jueces tituladas en Monta a la Amazona.<\/p>\n\n\n\n<p style=\"font-size:18px\">Participar es muy sencillo. Basta delimitar una pista en un terreno llano, si es que no se dispone de una, y un m\u00f3vil o una c\u00e1mara de video para filmar su prueba.<\/p>\n\n\n\n<p style=\"font-size:18px\">Elija su prueba, gr\u00e1bela, y \u00a1m\u00e1ndenos el v\u00eddeo!<\/p>\n\n\n\n<div class=\"wp-block-image\"><figure class=\"aligncenter size-large\"><img loading=\"lazy\" decoding=\"async\" width=\"100\" height=\"28\" src=\"https:\/\/monta-amazona.x10.mx\/club\/wp-content\/uploads\/2020\/12\/bandera12_100.png\" alt=\"\" class=\"wp-image-6\"\/><\/figure><\/div>\n\n\n\n<p style=\"font-size:12px\">\u00a9AEMA 2020<\/p>\n","protected":false},"excerpt":{"rendered":"<p>language option in the footer \u00abParticipar para crecer y aprender\u00bb Desde AEMA animamos a todas las amazonas a mantenerse activas en esta modalidad, con ilusi\u00f3n y objetivos renovados de cara a nuevos retos para retomar la actividad normal en cuanto&hellip; <\/p>\n","protected":false},"author":1,"featured_media":0,"parent":0,"menu_order":0,"comment_status":"closed","ping_status":"closed","template":"","meta":{"footnotes":""},"folder":[],"class_list":["post-17","page","type-page","status-publish","hentry"],"_links":{"self":[{"href":"https:\/\/www.monta-amazona.com\/club\/wp-json\/wp\/v2\/pages\/17","targetHints":{"allow":["GET"]}}],"collection":[{"href":"https:\/\/www.monta-amazona.com\/club\/wp-json\/wp\/v2\/pages"}],"about":[{"href":"https:\/\/www.monta-amazona.com\/club\/wp-json\/wp\/v2\/types\/page"}],"author":[{"embeddable":true,"href":"https:\/\/www.monta-amazona.com\/club\/wp-json\/wp\/v2\/users\/1"}],"replies":[{"embeddable":true,"href":"https:\/\/www.monta-amazona.com\/club\/wp-json\/wp\/v2\/comments?post=17"}],"version-history":[{"count":2,"href":"https:\/\/www.monta-amazona.com\/club\/wp-json\/wp\/v2\/pages\/17\/revisions"}],"predecessor-version":[{"id":20,"href":"https:\/\/www.monta-amazona.com\/club\/wp-json\/wp\/v2\/pages\/17\/revisions\/20"}],"wp:attachment":[{"href":"https:\/\/www.monta-amazona.com\/club\/wp-json\/wp\/v2\/media?parent=17"}],"wp:term":[{"taxonomy":"folder","embeddable":true,"href":"https:\/\/www.monta-amazona.com\/club\/wp-json\/wp\/v2\/folder?post=17"}],"curies":[{"name":"wp","href":"https:\/\/api.w.org\/{rel}","templated":true}]}}