{"id":30,"date":"2020-12-29T23:37:52","date_gmt":"2020-12-29T23:37:52","guid":{"rendered":"https:\/\/monta-amazona.x10.mx\/club\/?page_id=30"},"modified":"2022-07-16T18:07:38","modified_gmt":"2022-07-16T18:07:38","slug":"normas","status":"publish","type":"page","link":"https:\/\/www.monta-amazona.com\/club\/normas\/","title":{"rendered":"Normas"},"content":{"rendered":"\n<p class=\"has-text-align-center\" style=\"font-size:28px\">Normas<\/p>\n\n\n<div class=\"wp-block-image\">\n<figure class=\"aligncenter size-large is-resized\"><img loading=\"lazy\" decoding=\"async\" src=\"https:\/\/monta-amazona.x10.mx\/club\/wp-content\/uploads\/2020\/12\/LogoAEMAColor_06_512.png\" alt=\"\" class=\"wp-image-5\" width=\"200\" height=\"200\" srcset=\"https:\/\/www.monta-amazona.com\/club\/wp-content\/uploads\/2020\/12\/LogoAEMAColor_06_512.png 512w, https:\/\/www.monta-amazona.com\/club\/wp-content\/uploads\/2020\/12\/LogoAEMAColor_06_512-300x300.png 300w, https:\/\/www.monta-amazona.com\/club\/wp-content\/uploads\/2020\/12\/LogoAEMAColor_06_512-100x100.png 100w, https:\/\/www.monta-amazona.com\/club\/wp-content\/uploads\/2020\/12\/LogoAEMAColor_06_512-150x150.png 150w, https:\/\/www.monta-amazona.com\/club\/wp-content\/uploads\/2020\/12\/LogoAEMAColor_06_512-230x230.png 230w, https:\/\/www.monta-amazona.com\/club\/wp-content\/uploads\/2020\/12\/LogoAEMAColor_06_512-80x80.png 80w\" sizes=\"auto, (max-width: 200px) 100vw, 200px\" \/><\/figure>\n<\/div>\n\n\n<p class=\"has-text-align-right\" style=\"font-size:8px\">language option in the footer<\/p>\n\n\n\n<p style=\"font-size:18px\">Honestidad y Deportividad<\/p>\n\n\n\n<p class=\"has-normal-font-size\">El bienestar del caballo debe prevalecer por encima de todo.<br>Las personas que se inscriban se comprometen a participar en franca lid. <br>Apelamos, pues, a la honradez y esp\u00edritu deportivo de las participantes.<\/p>\n\n\n\n<p style=\"font-size:18px\">Categor\u00edas<\/p>\n\n\n\n<p class=\"has-normal-font-size\">1.- Pruebas AEMA \u2248 PASO \u2248 \u00b7 4 pruebas \u00b7<br>2.- Pruebas AEMA \u2248 PASO &#8211; TROTE \u2248 \u00b7 5 pruebas \u00b7<br>3.- Pruebas AEMA \u2248 PASO &#8211; TROTE &#8211; GALOPE \u2248 \u00b7 6 pruebas \u00b7<br>4.- Pruebas AEMA \u2248 PASO &#8211; GALOPE \u2248 \u00b7 6 pruebas \u00b7<br>8.- Pruebas AEMA \u2248 DESTREZA \u2248 \u00b7 en proceso \u00b7 3 grupos seg\u00fan paso, trote y\/o galope<br>9.- Pruebas AEMA \u2248 PREMIO MUSY \u2248 \u00b7 15 pruebas \u00b7 3 grupos seg\u00fan 1, 2 o 3 de saltos en pista<\/p>\n\n\n\n<p>Cualquier binomio amazona-caballo puede inscribirse en una sola prueba de cada grupo, aplic\u00e1ndose las siguientes restricciones respecto de los dem\u00e1s grupos.<br><meta charset=\"utf-8\">Cualquier binomio que realice una prueba de los grupos 3, 4, 8 o 9, no puede inscribirse en pruebas de los grupos 1 o 2. As\u00ed mismo, cualquier binomio que realice una prueba del grupo 2 no puede inscribirse en el grupo 1.<\/p>\n\n\n\n<figure class=\"wp-block-table is-style-regular\"><table class=\"has-background\" style=\"background-color:#f3f4f5\"><tbody><tr><td class=\"has-text-align-left\" data-align=\"left\">Prueba<\/td><td>compatible con 1 prueba de cada uno de los grupos <\/td><\/tr><tr><td class=\"has-text-align-left\" data-align=\"left\">grupo 1 \u2248 PASO \u2248<\/td><td>grupo 8 \u2248 DESTREZA -Paso-<\/td><\/tr><tr><td class=\"has-text-align-left\" data-align=\"left\">grupo 2 \u2248 PASO &#8211; TROTE \u2248<\/td><td>grupo 8 \u2248 DESTREZA -Paso-Trote-<\/td><\/tr><tr><td class=\"has-text-align-left\" data-align=\"left\">grupo 3 \u2248 PASO &#8211; TROTE &#8211; GALOPE \u2248<\/td><td>grupo 4 \u2248 PASO &#8211; GALOPE \u2248<br>grupo 8 \u2248 DESTREZA -Paso-Trote-Galope-<br>grupo 8 \u2248 DESTREZA -Paso-Galope-<br>grupo 9 \u2248 PREMIO MUSY \u2248<\/td><\/tr><tr><td class=\"has-text-align-left\" data-align=\"left\">grupo 4 \u2248 PASO &#8211; GALOPE \u2248<\/td><td>grupo 3 \u2248 PASO &#8211; TROTE &#8211; GALOPE \u2248<br>grupo 8 \u2248 DESTREZA -Paso-Trote-Galope-<br>grupo 8 \u2248 DESTREZA -Paso-Galope-<br>grupo 9 \u2248 PREMIO MUSY \u2248<\/td><\/tr><tr><td class=\"has-text-align-left\" data-align=\"left\">grupo 8 \u2248 DESTREZA -Paso-<\/td><td>grupo 1 \u2248 PASO \u2248<\/td><\/tr><tr><td class=\"has-text-align-left\" data-align=\"left\">grupo 8 \u2248 DESTREZA -Paso-Trote-<\/td><td>grupo 2 \u2248 PASO &#8211; TROTE \u2248<\/td><\/tr><tr><td class=\"has-text-align-left\" data-align=\"left\">grupo 8 \u2248 DESTREZA \u2248 -Paso-Trote-Galope-<br>y\/o<br>grupo 8 \u2248 DESTREZA \u2248-Paso-Galope-<\/td><td>grupo 3 \u2248 PASO &#8211; TROTE &#8211; GALOPE \u2248<br>grupo 4 \u2248 PASO &#8211; GALOPE \u2248<br>grupo 9 \u2248 PREMIO MUSY \u2248<\/td><\/tr><tr><td class=\"has-text-align-left\" data-align=\"left\">grupo 9 \u2248 PREMIO MUSY \u2248<\/td><td>grupo 3 \u2248 PASO &#8211; TROTE &#8211; GALOPE \u2248<br>grupo 4 \u2248 PASO &#8211; GALOPE \u2248<br>grupo 8 \u2248 DESTREZA -Paso-Trote-Galope-<br>grupo 8 \u2248 DESTREZA -Paso-Galope-<\/td><\/tr><\/tbody><\/table><\/figure>\n\n\n\n<p>Se puede participar con m\u00e1s de un caballo, aplic\u00e1ndose la tabla anterior a cada binomio.<br>Una amazona puede inscribir en una misma prueba un m\u00e1ximo de 2 caballos, pudiendo inscribirse en otras pruebas con otros caballos distintos.<br>Un caballo puede ser inscrito hasta con 3 amazonas distintas, cada una formando un binomio amazona-caballo aislado. Recuerde que para reunirse con otras personas, debe respetar las pautas de distanciamiento social de Covid de su \u00e1rea de salud p\u00fablica local.<br><meta charset=\"utf-8\">Cualquier binomio que realice una prueba de los grupos 3, 4, 8 o 9, no puede inscribirse en pruebas de los grupos 1 o 2. As\u00ed mismo, cualquier binomio que realice una prueba del grupo 2 no puede inscribirse en el grupo 1.<\/p>\n\n\n\n<p>Las pruebas del grupo 4 est\u00e1n indicadas para caballos ense\u00f1ados a la vaquera, que son montados, como manda la tradici\u00f3n, sujetando las riendas solo en la mano izquierda.<br>No obstante podr\u00e1n inscribirse amazonas que montan a la inglesa o la espa\u00f1ola con las riendas en ambas manos.<\/p>\n\n\n\n<p>Las categor\u00edas 1, 2, 3, 4 y 8 pueden montarse indistintamente con las riendas manejadas a una o a dos manos. <br>Quien opte por montar con una mano, deber\u00e1 sujetar las riendas en la mano izquierda y la baqueta en la mano derecha con el brazo derecho verticalmente hacia abajo. En este caso, cuando sea necesario ajustar la longitud de las riendas, se debe hacer con la mano derecha sobre la secci\u00f3n restante de las riendas que cae de la mano izquierda. Tocar o usar la mano derecha en la secci\u00f3n de las riendas entre la mano izquierda y el bocado se puntuar\u00e1 como un error, deduciendo la 1\u00aa vez, 2 puntos; la 2\u00aa vez, 4 puntos y la 3\u00aa vez, eliminaci\u00f3n.<br>Las amazonas a la vaquera, deben realizar la prueba con las riendas en una sola mano, excepto si la prueba lo autoriza expresamente.<\/p>\n\n\n\n<p>La categor\u00eda 9 \u2248 Premio Musy \u2248 debe obligatoriamente realizarse con silla inglesa y a dos manos en las riendas.<\/p>\n\n\n\n<p style=\"font-size:18px\"><strong>Atuendo y Arneses<\/strong><\/p>\n\n\n\n<p class=\"has-normal-font-size\">Todas las pruebas deben realizarse en silla de amazona.<br>Se puede usar cualquier cabezada, Inglesa, Espa\u00f1ola, Goyesca o vaquera, y embocadura <em>\u00abrazonable\u00bb<\/em>, filete, pelham, filete y bocado, o bocado solo.<br>Se ruega evitar mezclar arneses de diferentes estilos, por ejemplo, cabezada inglesa con silla vaquera.<br>Se ruega no apretar la muserola al m\u00e1ximo.<br>Se prohibe el uso de toda clase de rendajes, riendas correderas, el\u00e1sticas o fijas, gamarras, tijerillas, protectores, campanas o vendas.<br>Solo se permite el uso de <meta charset=\"utf-8\">tijerillas, protectores, campanas o vendas en las pruebas de <meta charset=\"utf-8\">categor\u00eda 9 \u2248 Premio Musy \u2248<br>No es imprescindible trenzar al caballo.<\/p>\n\n\n\n<p class=\"has-normal-font-size\">La amazona debe llevar vara o baqueta que no supere los 100cm cuando se monta sujetando las riendas con ambas manos y los 70cm cuando monta con las riendas solo en la mano izquierda.<\/p>\n\n\n\n<p class=\"has-normal-font-size\">No es obligatorio vestir un traje formal o de concurso de equitaci\u00f3n a la amazona, pero puesto que desde AEMA incentivamos las pr\u00e1cticas apropiadas para la equitaci\u00f3n a la amazona, las pruebas tienen una nota de presentaci\u00f3n con el fin de promover la forma correcta en el vestir entre las amazonas espa\u00f1olas.<br>Recomendamos la vestimenta correcta para montar a la amazona, aunque no se excluir\u00e1 a nadie por no tener el atuendo perfecto de amazona.  Por favor, vista ropa de montar discreta, de colores sobrios, evite los accesorios innecesarios y lleve el cabello recogido, idealmente en un mo\u00f1o peque\u00f1o de manera que el pelo no toque el cuello de la camisa. <br>Es obligatorio calzado de equitaci\u00f3n, pantalones de montar, sombrero&nbsp;o casco y guantes; las menores deben llevar un casco homologado.<br>Las amazonas de pa\u00edses con vestimenta y arneses tradicionales propios pueden usarlos acorde a su usanza, preferiblemente adaptando el estilo de la falda entera a la media falda.<\/p>\n\n\n\n<p style=\"font-size:18px\"><strong>El Saludo<\/strong><\/p>\n\n\n\n<p class=\"has-normal-font-size\">El saludo de inicio y final de las pruebas, debe realizarse con el caballo en inmovilidad. La amazona debe pasar las riendas y baqueta a su mano izquierda, bajar la mano derecha para que el brazo caiga en vertical, inclinar la cabeza, y despu\u00e9s retomar las riendas y la baqueta en la mano derecha antes de iniciar la marcha del caballo.<br>Si la amazona omite el saludo se penalizar\u00e1 como un error.<\/p>\n\n\n\n<p style=\"font-size:18px\"><strong>Errores<\/strong><\/p>\n\n\n\n<p class=\"has-normal-font-size\">Las equivocaciones en el orden o los ejercicios se contabilizan como un error, descontando la 1\u00aa vez, 2 puntos; la 2\u00aa vez, 4 puntos y la 3\u00aa vez, eliminaci\u00f3n.<br>\nLos ejercicios no realizados no reciben puntos.<\/p>\n\n\n<div class=\"wp-block-image\">\n<figure class=\"aligncenter size-large\"><img decoding=\"async\" src=\"http:\/\/monta-amazona.x10.mx\/club\/wp-content\/uploads\/2020\/12\/bandera12_100.png\" alt=\"\" class=\"wp-image-21\"\/><\/figure>\n<\/div>\n\n\n<p style=\"font-size:12px\">\u00a9AEMA 2020<\/p>\n","protected":false},"excerpt":{"rendered":"<p>Normas language option in the footer Honestidad y Deportividad El bienestar del caballo debe prevalecer por encima de todo.Las personas que se inscriban se comprometen a participar en franca lid. Apelamos, pues, a la honradez y esp\u00edritu deportivo de las&hellip; <\/p>\n","protected":false},"author":1,"featured_media":0,"parent":0,"menu_order":0,"comment_status":"closed","ping_status":"closed","template":"","meta":{"footnotes":""},"folder":[],"class_list":["post-30","page","type-page","status-publish","hentry"],"_links":{"self":[{"href":"https:\/\/www.monta-amazona.com\/club\/wp-json\/wp\/v2\/pages\/30","targetHints":{"allow":["GET"]}}],"collection":[{"href":"https:\/\/www.monta-amazona.com\/club\/wp-json\/wp\/v2\/pages"}],"about":[{"href":"https:\/\/www.monta-amazona.com\/club\/wp-json\/wp\/v2\/types\/page"}],"author":[{"embeddable":true,"href":"https:\/\/www.monta-amazona.com\/club\/wp-json\/wp\/v2\/users\/1"}],"replies":[{"embeddable":true,"href":"https:\/\/www.monta-amazona.com\/club\/wp-json\/wp\/v2\/comments?post=30"}],"version-history":[{"count":14,"href":"https:\/\/www.monta-amazona.com\/club\/wp-json\/wp\/v2\/pages\/30\/revisions"}],"predecessor-version":[{"id":809,"href":"https:\/\/www.monta-amazona.com\/club\/wp-json\/wp\/v2\/pages\/30\/revisions\/809"}],"wp:attachment":[{"href":"https:\/\/www.monta-amazona.com\/club\/wp-json\/wp\/v2\/media?parent=30"}],"wp:term":[{"taxonomy":"folder","embeddable":true,"href":"https:\/\/www.monta-amazona.com\/club\/wp-json\/wp\/v2\/folder?post=30"}],"curies":[{"name":"wp","href":"https:\/\/api.w.org\/{rel}","templated":true}]}}