{"id":6350,"date":"2024-12-27T19:50:00","date_gmt":"2024-12-27T19:50:00","guid":{"rendered":"https:\/\/www.monta-amazona.com\/clubaema1\/?post_type=product&#038;p=6350"},"modified":"2025-09-15T16:26:32","modified_gmt":"2025-09-15T16:26:32","slug":"renova-2025","status":"publish","type":"product","link":"https:\/\/www.monta-amazona.com\/clubaema1\/product\/renova-2025\/","title":{"rendered":"Renovaci\u00f3n Cuota Anual 2025"},"content":{"rendered":"<p><span style=\"font-size: 14pt;\">Renovaci\u00f3n Cuota Anual 2025<\/span><\/p>\n<p>Por favor, rellene los apartados necesarios del formulario siguiente, email, m\u00f3vil, nombre y apellido, y env\u00edelo antes de realizar el pago.<br \/>\nLos dem\u00e1s apartados solo es necesario rellenarlos si han cambiado desde el a\u00f1o anterior.<\/p>\n<p><span style=\"font-size: 10pt;\">Si se inscribe por primera vez como Socia Nueva, h\u00e1galo <a href=\"https:\/\/www.monta-amazona.com\/clubaema1\/product\/socia-2025\/\">aqu\u00ed<\/a>.<\/span><\/p>\n<div class=\"frm_forms  with_frm_style frm_style_estilo-de-formidable\" id=\"frm_form_39_container\" data-token=\"15d36b8dc987eaef265c1578aa63eeb5\">\n<form enctype=\"multipart\/form-data\" method=\"post\" class=\"frm-show-form \" id=\"form_renova25\" data-token=\"15d36b8dc987eaef265c1578aa63eeb5\">\n<div class=\"frm_form_fields \">\n<fieldset>\n<legend class=\"frm_screen_reader\">Renovaci\u00f3n Anual 2025<\/legend>\r\n\r\n<div class=\"frm_fields_container\">\n<input type=\"hidden\" name=\"frm_action\" value=\"create\" \/>\n<input type=\"hidden\" name=\"form_id\" value=\"39\" \/>\n<input type=\"hidden\" name=\"frm_hide_fields_39\" id=\"frm_hide_fields_39\" value=\"\" \/>\n<input type=\"hidden\" name=\"form_key\" value=\"renova25\" \/>\n<input type=\"hidden\" name=\"item_meta[0]\" value=\"\" \/>\n<input type=\"hidden\" id=\"frm_submit_entry_39\" name=\"frm_submit_entry_39\" value=\"14a931e232\" \/><input type=\"hidden\" name=\"_wp_http_referer\" value=\"\/clubaema1\/wp-json\/wp\/v2\/product\/6350\" \/><div id=\"frm_field_860_container\" class=\"frm_form_field  frm_html_container form-field\"><img loading=\"lazy\" decoding=\"async\" class=\"aligncenter\" src=\"https:\/\/www.monta-amazona.com\/clubaema1\/wp-content\/uploads\/files\/images\/LogoAEMAColor_33.png\" alt=\"Logo AEMA\" width=\"150\" height=\"150\" \/><\/div>\n<div id=\"frm_field_861_container\" class=\"frm_form_field  frm_html_container form-field\">\n<p style=\"margin-left: 40px;\"><span style=\"font-size: 16px;\"><strong>Socia 2025<\/strong><\/span><\/span><\/p>\n<p style=\"margin-left: 40px;\"><span style=\"font-size: 14pt;\">Renovaci\u00f3n Cuota Anual<\/span><\/p>\n<p style=\"margin-left: 40px;\"><span style=\"font-size: 12pt;\">cuota anual\u00a0<strong>35\u20ac<\/strong><\/span><\/p>\n<p style=\"margin-left: 40px;\"><span style=\"font-size: 13px;\">Por favor, rellene los apartados obligatorios\u00a0<span style=\"color: #c0392b;\">*<\/span>\u00a0de este formulario, son necesarios para identificar su pago y enviarle la informaci\u00f3n de la Asociaci\u00f3n y su carnet de Socia. Los dem\u00e1s apartados solo es necesario rellenarlos si han cambiado desde el a\u00f1o anterior.<\/span><\/p>\n<p style=\"margin-left: 40px;\"><span style=\"font-size: 12px;\">Env\u00ede el formulario antes de realizar el pago.<\/span><\/p>\n<p style=\"margin-left: 40px;\"><span style=\"font-size: 12px;\">El formulario solo es v\u00e1lido una vez recibido el pago correspondiente.\u00a0<\/span><\/p>\n<p style=\"margin-left: 40px;\"><span style=\"font-size: 12px;\">para cualquier aclaraci\u00f3n o duda, escriba a\u00a0<em>aema.asociacion@gmail.com<\/em><\/span><\/p>\n<\/div>\n<div id=\"frm_field_862_container\" class=\"frm_form_field form-field  frm_required_field frm_top_container frm_first frm_two_thirds\">\r\n\t<label for=\"field_mp757\" id=\"field_mp757_label\" class=\"frm_primary_label\">Correo eletr\u00f3nico\r\n\t\t<span class=\"frm_required\" aria-hidden=\"true\">*<\/span>\r\n\t<\/label>\r\n\t<input type=\"email\" id=\"field_mp757\" name=\"item_meta[862]\" value=\"\"  data-reqmsg=\"Correo eletr\u00f3nico no puede estar en blanco.\" aria-required=\"true\" data-invmsg=\"Correo eletr\u00f3nico no es v\u00e1lido\" aria-invalid=\"false\"  \/>\r\n\t\r\n\t\r\n<\/div>\n<div id=\"frm_field_863_container\" class=\"frm_form_field form-field  frm_required_field frm_top_container frm_third\">\r\n\t<label for=\"field_fab5d\" id=\"field_fab5d_label\" class=\"frm_primary_label\">Tel\u00e9fono\r\n\t\t<span class=\"frm_required\" aria-hidden=\"true\">*<\/span>\r\n\t<\/label>\r\n\t<input type=\"text\" id=\"field_fab5d\" name=\"item_meta[863]\" value=\"\"  data-reqmsg=\"Tel\u00e9fono no puede estar en blanco.\" aria-required=\"true\" data-invmsg=\"Tel\u00e9fono no es v\u00e1lido\" aria-invalid=\"false\"  \/>\r\n\t\r\n\t\r\n<\/div>\n<div id=\"frm_field_864_container\" class=\"frm_form_field  frm_html_container form-field\"><span style=\"font-size: 10pt;\">Por favor, no se olvide de proporcionar un email v\u00e1lido.<br \/>\nRecibir\u00e1 toda la informaci\u00f3n de eventos, cursos, promociones, as\u00ed como su carnet y toda informaci\u00f3n relevante mediante e-mail.<\/span><\/div>\n<div id=\"frm_field_865_container\" class=\"frm_form_field form-field  frm_top_container\">\r\n\t<div  id=\"field_q9ihi_label\" class=\"frm_primary_label\">Nombre\r\n\t\t<span class=\"frm_required\" aria-hidden=\"true\"><\/span>\r\n\t<\/div>\r\n\t<fieldset aria-labelledby=\"field_q9ihi_label\">\n\t<legend class=\"frm_screen_reader frm_hidden\">\n\t\tNombre\t<\/legend>\n\n\t<div  class=\"frm_combo_inputs_container\" id=\"frm_combo_inputs_container_865\" data-name-layout=\"first_last\">\n\t\t\t\t\t<div\n\t\t\t\tid=\"frm_field_865-first_container\"\n\t\t\t\tclass=\"frm_form_field form-field frm_form_subfield-first  frm6\"\n\t\t\t\tdata-sub-field-name=\"first\"\n\t\t\t>\n\t\t\t\t<label for=\"field_q9ihi_first\" class=\"frm_screen_reader frm_hidden\">\n\t\t\t\t\tNombre\t\t\t\t<\/label>\n\n\t\t\t\t<input  type=\"text\" id=\"field_q9ihi_first\" value=\"\" name=\"item_meta[865][first]\" autocomplete=\"given-name\" data-invmsg=\"Nombre no es v\u00e1lido\" aria-invalid=\"false\"  \/><div class=\"frm_description\" id=\"frm_field_865_first_desc\">Nombre<\/div>\t\t\t<\/div>\n\t\t\t\t\t\t<div\n\t\t\t\tid=\"frm_field_865-last_container\"\n\t\t\t\tclass=\"frm_form_field form-field frm_form_subfield-last  frm6\"\n\t\t\t\tdata-sub-field-name=\"last\"\n\t\t\t>\n\t\t\t\t<label for=\"field_q9ihi_last\" class=\"frm_screen_reader frm_hidden\">\n\t\t\t\t\tApellido\t\t\t\t<\/label>\n\n\t\t\t\t<input  type=\"text\" id=\"field_q9ihi_last\" value=\"\" name=\"item_meta[865][last]\" autocomplete=\"family-name\" data-invmsg=\"Nombre no es v\u00e1lido\" aria-invalid=\"false\"  \/><div class=\"frm_description\" id=\"frm_field_865_last_desc\">Apellido<\/div>\t\t\t<\/div>\n\t\t\t\t<\/div>\n<\/fieldset>\n\r\n\t\r\n\t\r\n<\/div>\n<div id=\"frm_field_866_container\" class=\"frm_form_field  frm_html_container form-field\">\n<hr style=\"height: 2px; background-color: #6868b2;\" data-mce-style=\"height: 2px; background-color: #6868b2;\"><\/div>\n<div id=\"frm_field_867_container\" class=\"frm_form_field  frm_html_container form-field\">Rellene los siguientes campos SOLO si han cambiado o necesitan actualizarse<\/div>\n<div id=\"frm_field_868_container\" class=\"frm_form_field form-field  frm_required_field frm_top_container\">\r\n\t<label for=\"field_p35gl\" id=\"field_p35gl_label\" class=\"frm_primary_label\">Direcci\u00f3n\r\n\t\t<span class=\"frm_required\" aria-hidden=\"true\">*<\/span>\r\n\t<\/label>\r\n\t<input type=\"text\" id=\"field_p35gl\" name=\"item_meta[868]\" value=\"\"  data-reqmsg=\"Direcci\u00f3n no puede estar en blanco.\" aria-required=\"true\" data-invmsg=\"Direcci\u00f3n no es v\u00e1lido\" aria-invalid=\"false\"  \/>\r\n\t\r\n\t\r\n<\/div>\n<div id=\"frm_field_869_container\" class=\"frm_form_field form-field  frm_top_container\">\r\n\t<label for=\"field_yeeyz\" id=\"field_yeeyz_label\" class=\"frm_primary_label\">Direcci\u00f3n\r\n\t\t<span class=\"frm_required\" aria-hidden=\"true\"><\/span>\r\n\t<\/label>\r\n\t<input type=\"text\" id=\"field_yeeyz\" name=\"item_meta[869]\" value=\"\"  data-invmsg=\"Direcci\u00f3n no es v\u00e1lido\" aria-invalid=\"false\"  \/>\r\n\t\r\n\t\r\n<\/div>\n<div id=\"frm_field_870_container\" class=\"frm_form_field form-field  frm_required_field frm_top_container frm_first frm_third\">\r\n\t<label for=\"field_94z4u\" id=\"field_94z4u_label\" class=\"frm_primary_label\">C\u00f3digo Postal\r\n\t\t<span class=\"frm_required\" aria-hidden=\"true\">*<\/span>\r\n\t<\/label>\r\n\t<input type=\"text\" id=\"field_94z4u\" name=\"item_meta[870]\" value=\"\"  data-reqmsg=\"C\u00f3digo Postal no puede estar en blanco.\" aria-required=\"true\" data-invmsg=\"C\u00f3digo Postal no es v\u00e1lido\" aria-invalid=\"false\"  \/>\r\n\t\r\n\t\r\n<\/div>\n<div id=\"frm_field_871_container\" class=\"frm_form_field form-field  frm_required_field frm_top_container frm_two_thirds\">\r\n\t<label for=\"field_rm5bk\" id=\"field_rm5bk_label\" class=\"frm_primary_label\">Ciudad\r\n\t\t<span class=\"frm_required\" aria-hidden=\"true\">*<\/span>\r\n\t<\/label>\r\n\t<input type=\"text\" id=\"field_rm5bk\" name=\"item_meta[871]\" value=\"\"  data-reqmsg=\"Ciudad no puede estar en blanco.\" aria-required=\"true\" data-invmsg=\"Ciudad no es v\u00e1lido\" aria-invalid=\"false\"  \/>\r\n\t\r\n\t\r\n<\/div>\n<div id=\"frm_field_872_container\" class=\"frm_form_field form-field  frm_top_container\">\r\n\t<label for=\"field_6jyd\" id=\"field_6jyd_label\" class=\"frm_primary_label\">Provincia\/Regi\u00f3n\r\n\t\t<span class=\"frm_required\" aria-hidden=\"true\"><\/span>\r\n\t<\/label>\r\n\t<input type=\"text\" id=\"field_6jyd\" name=\"item_meta[872]\" value=\"\"  data-invmsg=\"Provincia\/Regi\u00f3n no es v\u00e1lido\" aria-invalid=\"false\"  \/>\r\n\t\r\n\t\r\n<\/div>\n<div id=\"frm_field_873_container\" class=\"frm_form_field form-field  frm_top_container\">\r\n\t<label for=\"field_e3os1\" id=\"field_e3os1_label\" class=\"frm_primary_label\">Pa\u00eds\r\n\t\t<span class=\"frm_required\" aria-hidden=\"true\"><\/span>\r\n\t<\/label>\r\n\t<input type=\"text\" id=\"field_e3os1\" name=\"item_meta[873]\" value=\"\"  data-invmsg=\"Pa\u00eds no es v\u00e1lido\" aria-invalid=\"false\"   aria-describedby=\"frm_desc_field_e3os1\"\/>\r\n\t<div class=\"frm_description\" id=\"frm_desc_field_e3os1\">rellene este apartado si su pa\u00eds es otro que Espa\u00f1a<\/div>\r\n\t\r\n<\/div>\n<div id=\"frm_field_874_container\" class=\"frm_form_field  frm_html_container form-field\">\n<hr style=\"height: 2px; background-color: #6868b2;\" data-mce-style=\"height: 2px; background-color: #6868b2;\"><\/div>\n<div id=\"frm_field_875_container\" class=\"frm_form_field  frm_html_container form-field\"><span style=\"font-size: 14pt;\"> Silla de Amazona, tipo y n\u00famero<\/span><\/div>\n<div id=\"frm_field_876_container\" class=\"frm_form_field form-field  frm_top_container frm3 frm_first vertical_radio\">\r\n\t<div  id=\"field_q6qv7_label\" class=\"frm_primary_label\">Tipos deSilla\r\n\t\t<span class=\"frm_required\" aria-hidden=\"true\"><\/span>\r\n\t<\/div>\r\n\t<div class=\"frm_opt_container\" aria-labelledby=\"field_q6qv7_label\" role=\"group\">\t\t<div class=\"frm_checkbox\" id=\"frm_checkbox_876-0\">\t\t\t<label  for=\"field_q6qv7-0\">\n\t\t\t<input type=\"checkbox\" name=\"item_meta[876][]\" id=\"field_q6qv7-0\" value=\"Inglesa\"  data-invmsg=\"Tipos deSilla no es v\u00e1lido\"   \/> Inglesa<\/label><\/div>\n\t\t<div class=\"frm_checkbox\" id=\"frm_checkbox_876-1\">\t\t\t<label  for=\"field_q6qv7-1\">\n\t\t\t<input type=\"checkbox\" name=\"item_meta[876][]\" id=\"field_q6qv7-1\" value=\"Vaquera\"  data-invmsg=\"Tipos deSilla no es v\u00e1lido\"   \/> Vaquera<\/label><\/div>\n\t\t<div class=\"frm_checkbox\" id=\"frm_checkbox_876-2\">\t\t\t<label  for=\"field_q6qv7-2\">\n\t\t\t<input type=\"checkbox\" name=\"item_meta[876][]\" id=\"field_q6qv7-2\" value=\"Otra\"  data-invmsg=\"Tipos deSilla no es v\u00e1lido\"   \/> Otra<\/label><\/div>\n<\/div>\r\n\t\r\n\t\r\n<\/div>\n<div id=\"frm_field_877_container\" class=\"frm_form_field form-field  frm_top_container frm3\">\r\n\t<label for=\"field_vy68p\" id=\"field_vy68p_label\" class=\"frm_primary_label\">Inglesa N\u00ba\r\n\t\t<span class=\"frm_required\" aria-hidden=\"true\"><\/span>\r\n\t<\/label>\r\n\t\t\t<select name=\"item_meta[877]\" id=\"field_vy68p\"  data-invmsg=\"Inglesa N\u00ba no es v\u00e1lido\" aria-invalid=\"false\"  >\n\t\t<option  value=\"\" selected='selected'> <\/option><option  value=\"1\">1<\/option><option  value=\"2\">2<\/option><option  value=\"3\">3<\/option><option  value=\"4\">4<\/option><option  value=\"5\">5<\/option><option  value=\"6\">6<\/option><option  value=\"7\">7<\/option><option  value=\"8\">8<\/option><option  value=\"9\">9<\/option>\t<\/select>\n\t\r\n\t\r\n\t\r\n<\/div>\n<div id=\"frm_field_878_container\" class=\"frm_form_field form-field  frm_top_container frm3\">\r\n\t<label for=\"field_6de7h\" id=\"field_6de7h_label\" class=\"frm_primary_label\">Vaquera n\u00ba\r\n\t\t<span class=\"frm_required\" aria-hidden=\"true\"><\/span>\r\n\t<\/label>\r\n\t\t\t<select name=\"item_meta[878]\" id=\"field_6de7h\"  data-invmsg=\"Vaquera n\u00ba no es v\u00e1lido\" aria-invalid=\"false\"  >\n\t\t<option  value=\"\" selected='selected'> <\/option><option  value=\"1\">1<\/option><option  value=\"2\">2<\/option><option  value=\"3\">3<\/option><option  value=\"4\">4<\/option><option  value=\"5\">5<\/option><option  value=\"6\">6<\/option><option  value=\"7\">7<\/option><option  value=\"8\">8<\/option><option  value=\"9\">9<\/option>\t<\/select>\n\t\r\n\t\r\n\t\r\n<\/div>\n<div id=\"frm_field_879_container\" class=\"frm_form_field form-field  frm_top_container frm3\">\r\n\t<label for=\"field_l8k4o\" id=\"field_l8k4o_label\" class=\"frm_primary_label\">Otra n\u00ba\r\n\t\t<span class=\"frm_required\" aria-hidden=\"true\"><\/span>\r\n\t<\/label>\r\n\t\t\t<select name=\"item_meta[879]\" id=\"field_l8k4o\"  data-invmsg=\"Otra n\u00ba no es v\u00e1lido\" aria-invalid=\"false\"  >\n\t\t<option  value=\"\" selected='selected'> <\/option><option  value=\"1\">1<\/option><option  value=\"2\">2<\/option><option  value=\"3\">3<\/option><option  value=\"4\">4<\/option><option  value=\"5\">5<\/option><option  value=\"6\">6<\/option><option  value=\"7\">7<\/option><option  value=\"8\">8<\/option><option  value=\"9\">9<\/option>\t<\/select>\n\t\r\n\t\r\n\t\r\n<\/div>\n<div id=\"frm_field_880_container\" class=\"frm_form_field form-field  frm_top_container\">\r\n\t<label for=\"field_f2qhq\" id=\"field_f2qhq_label\" class=\"frm_primary_label\">Descripci\u00f3n de la(s) silla(s) Marca\u00b7Modelo\u00b7Tama\u00f1o\u00b7A\u00f1o\r\n\t\t<span class=\"frm_required\" aria-hidden=\"true\"><\/span>\r\n\t<\/label>\r\n\t<textarea name=\"item_meta[880]\" id=\"field_f2qhq\" rows=\"5\"  data-invmsg=\"Descripci\u00f3n de la(s) silla(s) Marca\u00b7Modelo\u00b7Tama\u00f1o\u00b7A\u00f1o no es v\u00e1lido\" aria-invalid=\"false\"  ><\/textarea>\r\n\t\r\n\t\r\n<\/div>\n<div id=\"frm_field_881_container\" class=\"frm_form_field form-field  frm_top_container\">\r\n\t<label for=\"field_r1r53\" id=\"field_r1r53_label\" class=\"frm_primary_label\">Perfil de facebook URL : www.facebook.com\/nombre.apellido o c\u00f3digo\r\n\t\t<span class=\"frm_required\" aria-hidden=\"true\"><\/span>\r\n\t<\/label>\r\n\t<input type=\"text\" id=\"field_r1r53\" name=\"item_meta[881]\" value=\"\"  data-invmsg=\"Perfil de facebook URL : www.facebook.com\/nombre.apellido o c\u00f3digo no es v\u00e1lido\" aria-invalid=\"false\"  \/>\r\n\t\r\n\t\r\n<\/div>\n<div id=\"frm_field_882_container\" class=\"frm_form_field  frm_html_container form-field\">\n<hr style=\"height: 2px; background-color: #6868b2;\" data-mce-style=\"height: 2px; background-color: #6868b2;\"><\/div>\n<div id=\"frm_field_883_container\" class=\"frm_form_field  frm_html_container form-field\">\n<p style=\"margin-left: 40px;\"><span style=\"font-size:16px;\">Domiciliaci&oacute;n Bancaria<\/span><\/p>\n<p style=\"margin-left: 40px;\"><span style=\"font-size:14px;\">Si desea domiciliar la cuota anual rellene los datos de su cuenta para la ORDEN BANCARIA del recibo presentado por la Asociaci&oacute;n Espa&ntilde;ola de Monta a la Amazona<\/span><\/p>\n<\/div>\n<div id=\"frm_field_884_container\" class=\"frm_form_field form-field  frm_top_container\">\r\n\t<label for=\"field_19hcp\" id=\"field_19hcp_label\" class=\"frm_primary_label\">IBAN\r\n\t\t<span class=\"frm_required\" aria-hidden=\"true\"><\/span>\r\n\t<\/label>\r\n\t<input type=\"text\" id=\"field_19hcp\" name=\"item_meta[884]\" value=\"\"  data-invmsg=\"IBAN no es v\u00e1lido\" aria-invalid=\"false\"  \/>\r\n\t\r\n\t\r\n<\/div>\n<div id=\"frm_field_885_container\" class=\"frm_form_field form-field  frm_top_container\">\r\n\t<label for=\"field_4c688\" id=\"field_4c688_label\" class=\"frm_primary_label\">Titular de la cuenta\r\n\t\t<span class=\"frm_required\" aria-hidden=\"true\"><\/span>\r\n\t<\/label>\r\n\t<input type=\"text\" id=\"field_4c688\" name=\"item_meta[885]\" value=\"\"  data-invmsg=\"Titular de la cuenta no es v\u00e1lido\" aria-invalid=\"false\"  \/>\r\n\t\r\n\t\r\n<\/div>\n<div id=\"frm_field_886_container\" class=\"frm_form_field form-field  frm_top_container\">\r\n\t<label for=\"field_6227h\" id=\"field_6227h_label\" class=\"frm_primary_label\">Banco o Caja\r\n\t\t<span class=\"frm_required\" aria-hidden=\"true\"><\/span>\r\n\t<\/label>\r\n\t<input type=\"text\" id=\"field_6227h\" name=\"item_meta[886]\" value=\"\"  data-invmsg=\"Banco o Caja no es v\u00e1lido\" aria-invalid=\"false\"  \/>\r\n\t\r\n\t\r\n<\/div>\n<div id=\"frm_field_887_container\" class=\"frm_form_field form-field  frm_top_container frm_half frm_alignright\">\r\n\t<label for=\"field_9y787\" id=\"field_9y787_label\" class=\"frm_primary_label\">Fecha\r\n\t\t<span class=\"frm_required\" aria-hidden=\"true\"><\/span>\r\n\t<\/label>\r\n\t<input type=\"text\" id=\"field_9y787\" name=\"item_meta[887]\" value=\"\"  data-invmsg=\"Fecha no es v\u00e1lido\" aria-invalid=\"false\"  \/>\r\n\t\r\n\t\r\n<\/div>\n<div id=\"frm_field_888_container\" class=\"frm_form_field  frm_html_container form-field\">\n<hr style=\"height: 2px; background-color: #6868b2;\" data-mce-style=\"height: 2px; background-color: #6868b2;\"><\/div>\n<div id=\"frm_field_889_container\" class=\"frm_form_field  frm_html_container form-field\">\n<p style=\"margin-left: 40px;\"><span style=\"font-family:lucida sans unicode,lucida grande,sans-serif;\"><u>Transferencia Bancaria<\/u><\/span><\/p>\n<p style=\"margin-left: 40px;\"><span style=\"font-family: lucida sans unicode,lucida grande,sans-serif;\"><span style=\"font-size: 18px;\">IBAN ES85 3081 0331 1729 7328 8323<br \/>\nBIC: ERSVES22<\/span><\/span><br \/>\n<span style=\"font-size: 16px;\">Titular: <span style=\"font-family: lucida sans unicode,lucida grande,sans-serif;\">Asoc. Esp. Monta Amazona<\/span><br \/>\nEntidad: <span style=\"font-family: lucida sans unicode,lucida grande,sans-serif;\">EuroCaja Rural<\/span><\/span><\/p>\n<p style=\"margin-left: 40px;\"><span style=\"font-size:12px;\"><span style=\"font-family:lucida sans unicode,lucida grande,sans-serif;\">El formulario solo ser&aacute; validado despu&eacute;s de haber recibido el pago.<\/span><\/span><\/p>\n<\/div>\n<div id=\"frm_field_890_container\" class=\"frm_form_field  frm_html_container form-field\">\n<hr style=\"height: 2px; background-color: #6868b2;\" data-mce-style=\"height: 2px; background-color: #6868b2;\"><\/div>\n<div id=\"frm_field_891_container\" class=\"frm_form_field  frm_html_container form-field\">\n<p style=\"margin-left: 40px;\"><span style=\"font-size: 12px;\">La informaci&oacute;n recogida en este formulario ser&aacute; utilizada exclusivamente para los fines de la asociaci&oacute;n y puede ser modificada o anulada por el titular en la sede social de la Asociaci&oacute;n.<\/span> <span style=\"font-size: 12px;\"><a href=\"https:\/\/www.monta-amazona.com\/clubaema1\/privacy-policy\/\" target=\"_blank\">Pol\u00edtica de Privacidad<\/a><\/span><\/p>\n<\/div>\n<div id=\"frm_field_892_container\" class=\"frm_form_field  frm_html_container form-field\">\n<p style=\"margin-left: 40px;\"><span style=\"font-size: 16px;\">Conexi&oacute;n Segura SSL<\/span><\/p>\n<p style=\"margin-left: 40px;\"><img decoding=\"async\" alt=\"\" src=\"https:\/\/www.monta-amazona.com\/clubaema1\/wp-content\/uploads\/files\/images\/sectigo_trust_seal_sm_82x32-80x32-1.png\" \/><\/p>\n<\/div>\n<div id=\"frm_field_893_container\" class=\"frm_form_field  frm_html_container form-field\">\n<hr style=\"height: 2px; background-color: #6868b2;\" data-mce-style=\"height: 2px; background-color: #6868b2;\"><\/div>\n<div id=\"frm_field_894_container\" class=\"frm_form_field form-field \">\r\n\t<div class=\"frm_submit frm_flex\">\r\n<button class=\"frm_button_submit\" type=\"submit\"  >Enviar<\/button>\r\n\r\n\r\n\r\n<\/div>\r\n<\/div>\n\t<input type=\"hidden\" name=\"item_key\" value=\"\" \/>\n\t\t\t<div id=\"frm_field_1150_container\">\n\t\t\t<label for=\"field_zzzvd\" >\n\t\t\t\tSi eres humano, deja este campo en blanco.\t\t\t<\/label>\n\t\t\t<input  id=\"field_zzzvd\" type=\"text\" class=\"frm_form_field form-field frm_verify\" name=\"item_meta[1150]\" value=\"\"  \/>\n\t\t<\/div>\n\t\t<input name=\"frm_state\" type=\"hidden\" value=\"e8RBtNLHOgtGmqv2mtYvgSc6DNZbQ\/vKQQQgg5UXo4k=\" \/><\/div>\n<\/fieldset>\n<\/div>\n\n<\/form>\n<\/div>\n\n<hr \/>\n<p>Transferencia Bancaria<\/p>\n<p>IBAN ES85 3081 0331 1729 7328 8323<br \/>\nBIC: ERSVES22<br \/>\nTitular: Asociaci\u00f3n Espa\u00f1ola de Monta a la Amazona<br \/>\nEntidad: EuroCaja Rural<\/p>\n","protected":false},"excerpt":{"rendered":"<p><span style=\"font-size: 14pt;\">Renovaci\u00f3n Cuota Anual 2025<\/span><\/p>\n<p><span style=\"font-size: 10pt;\"> Por favor, rellene y env\u00ede los apartados  email, m\u00f3vil, nombre y apellido del formulario m\u00e1s abajo.<br \/>\nLos dem\u00e1s apartados solo es necesario rellenarlos si han cambiado desde el a\u00f1o anterior.<\/span><\/p>\n<p><span style=\"font-size: 10pt;\">Si se inscribe por primera vez como Socia Nueva, h\u00e1galo <a href=\"https:\/\/www.monta-amazona.com\/clubaema1\/product\/socia-2025\/\">aqu\u00ed<\/a>.<\/span><\/p>\n","protected":false},"featured_media":6352,"comment_status":"open","ping_status":"closed","template":"","meta":{"_kadence_starter_templates_imported_post":false,"_kad_post_transparent":"default","_kad_post_title":"","_kad_post_layout":"default","_kad_post_sidebar_id":"","_kad_post_content_style":"default","_kad_post_vertical_padding":"default","_kad_post_feature":"","_kad_post_feature_position":"","_kad_post_header":false,"_kad_post_footer":false,"_kad_post_classname":""},"product_brand":[],"product_cat":[57,61,118,63],"product_tag":[117,67],"class_list":{"0":"post-6350","1":"product","2":"type-product","3":"status-publish","4":"has-post-thumbnail","6":"product_cat-conecta","7":"product_cat-conexsocias","8":"product_cat-reciente","9":"product_cat-renova","10":"product_tag-reciente","11":"product_tag-renovar-cuota","13":"first","14":"instock","15":"featured","16":"virtual","17":"purchasable","18":"product-type-simple","19":"entry","20":"content-bg","21":"loop-entry"},"_links":{"self":[{"href":"https:\/\/www.monta-amazona.com\/clubaema1\/wp-json\/wp\/v2\/product\/6350","targetHints":{"allow":["GET"]}}],"collection":[{"href":"https:\/\/www.monta-amazona.com\/clubaema1\/wp-json\/wp\/v2\/product"}],"about":[{"href":"https:\/\/www.monta-amazona.com\/clubaema1\/wp-json\/wp\/v2\/types\/product"}],"replies":[{"embeddable":true,"href":"https:\/\/www.monta-amazona.com\/clubaema1\/wp-json\/wp\/v2\/comments?post=6350"}],"wp:featuredmedia":[{"embeddable":true,"href":"https:\/\/www.monta-amazona.com\/clubaema1\/wp-json\/wp\/v2\/media\/6352"}],"wp:attachment":[{"href":"https:\/\/www.monta-amazona.com\/clubaema1\/wp-json\/wp\/v2\/media?parent=6350"}],"wp:term":[{"taxonomy":"product_brand","embeddable":true,"href":"https:\/\/www.monta-amazona.com\/clubaema1\/wp-json\/wp\/v2\/product_brand?post=6350"},{"taxonomy":"product_cat","embeddable":true,"href":"https:\/\/www.monta-amazona.com\/clubaema1\/wp-json\/wp\/v2\/product_cat?post=6350"},{"taxonomy":"product_tag","embeddable":true,"href":"https:\/\/www.monta-amazona.com\/clubaema1\/wp-json\/wp\/v2\/product_tag?post=6350"}],"curies":[{"name":"wp","href":"https:\/\/api.w.org\/{rel}","templated":true}]}}