{"id":170,"date":"2024-02-11T23:18:36","date_gmt":"2024-02-11T23:18:36","guid":{"rendered":"https:\/\/www.monta-amazona.com\/eventos\/?page_id=170"},"modified":"2024-05-29T06:35:27","modified_gmt":"2024-05-29T06:35:27","slug":"ev2007","status":"publish","type":"page","link":"https:\/\/www.monta-amazona.com\/eventos\/ev2007\/","title":{"rendered":"2007"},"content":{"rendered":"\n\n\n\n\n\n\n\n\n\n\n<p>2007<\/p>\n\n\n\n\n\n\n\n\n\n\n\n\n\n\n\n\n\n\n\n\n\n<p style=\"text-align: center;\"><strong style=\"color: rgb(104, 104, 178); font-size: 22px; font-family: Milonga;\">EQUIMUR \u00b7&nbsp;<\/strong><font color=\"#6868b2\" face=\"Milonga\"><span style=\"font-size: 22px;\"><b>Torrepacheco<\/b><\/span><\/font><\/p>\n\n\n\n\n<p style=\"text-align: center;\"><strong style=\"color: rgb(104, 104, 178); font-size: 20px; font-family: Milonga;\" arial\"=\"\" size=\"2\">23, 24 y 25 marzo 2007<\/strong><\/p>\n\n\n\n\n\n\n\n\n\n\n\n\n\n\n\n\n\n\n\n\n\n\n<p style=\"text-align: center;\"><strong style=\"color: rgb(104, 104, 178); font-size: 16px; font-family: Milonga;\">EQUIMUR \u00b7&nbsp;<\/strong><font color=\"#6868b2\" face=\"Milonga\"><span style=\"font-size: 14px;\"><b>Torrepacheco<\/b><\/span><\/font><\/p>\n<p style=\"text-align: center;\"><strong style=\"color: rgb(104, 104, 178); font-size: 14px; font-family: Milonga;\" arial\"=\"\" size=\"2\">23, 24 y 25 marzo 2007<\/strong><\/p>\n\n\n\n\n\n\n\n<p align=\"justify\" style=\"margin-top: 3px; margin-bottom: 3px;\"><span style=\"color: rgb(48, 48, 128); font-family: Arial; font-size: 15px;\">Equimur es un referente para los aficionados del mundo del caballo,<\/span><span style=\"font-size:15px;\"><span style=\"color:#303080;\"><span style=\"font-variant-numeric: normal; font-variant-east-asian: normal; text-align: -webkit-auto; border-collapse: separate; font-family: &quot;Times New Roman&quot;; line-height: normal; border-spacing: 0px; text-size-adjust: auto;\"><span style=\"border-collapse: separate; font-variant-numeric: normal; font-variant-east-asian: normal; line-height: normal; text-align: -webkit-auto; border-spacing: 0px; text-size-adjust: auto;\"><font face=\"Arial\">&nbsp;es la segunda Feria <span style=\"color:#303080;\">Ecuestre mas importante de Espa\u00f1a despu\u00e9s de Sicab (Sal\u00f3n del caballo Espa\u00f1ol, en Sevilla). En cuanto a asistencia de ganader\u00edas y p\u00fablico (42.000 personas visitaron la Feria durante los 5 d\u00edas de duraci\u00f3n).<\/span><\/font><\/span><\/span><\/span><\/span><\/p>\n\n\t\t\t<p align=\"justify\" style=\"margin-top: 3px; margin-bottom: 3px;\"><span style=\"font-size:15px;\"><span style=\"color:#303080;\"><span style=\"font-variant-numeric: normal; font-variant-east-asian: normal; text-align: -webkit-auto; border-collapse: separate; font-family: &quot;Times New Roman&quot;; line-height: normal; border-spacing: 0px; text-size-adjust: auto;\"><span style=\"border-collapse: separate; font-variant-numeric: normal; font-variant-east-asian: normal; line-height: normal; text-align: -webkit-auto; border-spacing: 0px; text-size-adjust: auto;\"><font face=\"Arial\">Tuvimos la oportunidad de estar all\u00ed, mostrando al numeroso p\u00fablico asistente la monta a la amazona con un bonito espect\u00e1culo realizado por tres amazonas montando a tres imponentes caballos de P.R.E. que realizaron ejercicios de Alta Escuela causando gran sensaci\u00f3n entre el p\u00fablico asistente llegando a ser uno de los n\u00fameros que arranc\u00f3 mas aplausos.<\/font><\/span><\/span><\/span><\/span><\/p>\n\n\n\n\n\n\n\n\n\n\n\n\n\n\n\n\n\n\n\n<p style=\"text-align: center;\"><strong style=\"color: rgb(104, 104, 178); font-size: 22px; font-family: Milonga;\" arial\"=\"\" size=\"2\">National Side Saddle Show \u00b7 Reino Unido<\/strong><\/p>\n<p style=\"text-align: center;\"><strong style=\"color: rgb(104, 104, 178); font-size: 18px; font-family: Milonga;\" arial=\"arial\">3, 4 y 5 agosto 2007<\/strong><\/p>\n\n\n\n\n\n\n\n\n\n\n\n\n\n\n\n\n\n\n\n\n\n\n\n\n<p align=\"justify\" style=\"margin-top: 3px; margin-bottom: 3px;\"><span style=\"color: rgb(48, 48, 128); font-family: Arial; font-size: 15px;\">La Asociaci\u00f3n Inglesa cuenta con mas de 25 a\u00f1os a sus espaldas de dilatada experiencia siendo la Asociaci\u00f3n de este tipo de monta con m\u00e1s socios (unos 1200) en el mundo, pa\u00eds de consolidadas tradiciones y de verdes paisajes es un lugar id\u00edlico para esta cita, durante tres intensos d\u00edas donde cientos de amazonas participan en mas de 70 tipos de pruebas.<\/span><\/p>\n\n\n\n\n\n\n\n\n\n\n\n\n\n\n\n<p style=\"text-align: center;\"><span style=\"color: rgb(104, 104, 178); font-size: 22px;\"><span style=\"font-family: Milonga;\">II Asamblea<\/span><span style=\"font-weight: bold; font-family: Milonga;\"> <\/span><span style=\"font-family: Gugi; font-size: 22px;\">AEMA<\/span><\/span><p><\/p><\/p>\n<p style=\"text-align: center;\"><strong style=\"color: rgb(104, 104, 178); font-size: 18px; font-family: Milonga;\" arial\"=\"\" size=\"2\">Curso AEMA \u00b7 Sevilla<br>&nbsp;25 agosto 2007<\/strong><\/p>\n\n\n\n\n\n\n\n\n\n\n\n\n\n\n\n\n\n\n\n\n\n\n<p align=\"justify\" style=\"margin-top: 3px; margin-bottom: 3px; margin-left: 30px; \"><span style=\"color: rgb(104, 104, 178); font-family: Arial; font-size: 15px;\"><\/span><\/p><span style=\"color:#303080;\"><p align=\"justify\" style=\"margin-top: 3px; margin-bottom: 3px; margin-left: 30px; \"><span style=\"font-family: Arial; font-size: 15px;\">El 28 de Agosto tuvo lugar el primer curso impartido por la Asociaci\u00f3n Espa\u00f1ola de Monta a la Amazona, debido al gran desconocimiento y la poca informaci\u00f3n que hay en Espa\u00f1a, cre\u00edmos oportuno que deb\u00edamos solventar las muchas dudas de nuestras socias, Elena Moral representante de Levante explic\u00f3 de forma clara y con la ayuda de un proyector los diferentes puntos que se trataron, como la forma correcta de la montura de amazona, la posici\u00f3n correcta de las cornetas etc., Sara representante de Andaluc\u00eda tambi\u00e9n aclaro las diversas dudas que existen en cuanto a los trajes de amazona, mostrando a las asistentes como debe vestir una amazona correctamente tanto de corto como de ronde\u00f1a. Una vez finalizado el curso te\u00f3rico se paso a la pr\u00e1ctica y algunas socias se animaron a participar ense\u00f1\u00e1ndolas diversas formas de subirse, la posici\u00f3n correcta en la montura, etc.<\/span><\/p>\n<p align=\"justify\" style=\"margin-top: 3px; margin-bottom: 3px; margin-left: 30px; \"><span style=\"font-family: Arial; font-size: 15px;\">Debido a la grata acogida y la gran participaci\u00f3n que tuvo entre nuestras socias aprovechamos la ocasi\u00f3n para realizar una comida y celebrar una Asamblea donde se trataron diversos puntos para la buena marcha de la asociaci\u00f3n.<\/span><\/p>\n<p align=\"justify\" style=\"margin-top: 3px; margin-bottom: 3px; margin-left: 30px; \"><span style=\"font-family: Arial; font-size: 15px;\">Gracias a todas las que asist\u00edsteis y a las que no, no os preocup\u00e9is que haremos muchos m\u00e1s!!!<\/span><\/p><\/span><p align=\"justify\" style=\"margin-top: 3px; margin-bottom: 3px; margin-left: 30px; \"><span style=\"color: rgb(104, 104, 178); font-family: Arial; font-size: 15px;\"><\/span><\/p>\n\n\n\n\n\n\n\n\n\n\n\n\n\n\n\n\n\n\n\n\n\n\n\n\n\n\n\n\n\n\n\n<h3 style=\"color: rgb(104, 104, 178);\">SICAB 2007 \u00b7 Sevilla<\/h3>\n\n\n\n\n\n\n\n\n\n\n\n\n\n\n\n\n\n\n\n\n\n\n\n\n<p align=\"justify\" style=\"margin-top: 3px; margin-bottom: 3px;\"><span style=\"color: rgb(104, 104, 178); font-family: Arial; font-size: 15px;\">Por primera vez en Espa\u00f1a, la Asociaci\u00f3n Espa\u00f1ola demostr\u00f3 la versatilidad del P.R.E a la amazona en el marco mas adecuado para tal exhibici\u00f3n como es el sal\u00f3n del P.R.E, la Feria mas importante en Espa\u00f1a dedicada al caballo, que es visitada por miles de aficionados de todas las regiones de Espa\u00f1a.<\/font><\/span><\/span><\/span><\/span><\/p>\n<p align=\"justify\" style=\"margin-top: 3px; margin-bottom: 3px;\"><span style=\"color: rgb(104, 104, 178); font-family: Arial; font-size: 15px;\">La Asociaci\u00f3n Espa\u00f1ola de Monta a la Amazona qued\u00f3 en tercer lugar de la clasificaci\u00f3n final del concurso de exhibiciones, dicho espect\u00e1culo no dej\u00f3 indiferentes tanto a p\u00fablico como a jueces siendo sus amazonas: Marina Tortosa, Maribel Jurado, Ver\u00f3nica Roda y Cecilia Dur\u00e1n felicitadas reiteradamente por ello.<\/font><\/span><\/span><\/span><\/span><\/p>\n<p align=\"justify\" style=\"margin-top: 3px; margin-bottom: 3px;\"><span style=\"color: rgb(104, 104, 178); font-family: Arial; font-size: 15px;\">Tambi\u00e9n tuvimos la oportunidad de interactuar con el p\u00fablico asistente informando de nuestra actividad en el stand de Sayra Armenta.<\/font><\/span><\/span><\/span><\/span><\/p>\n\n\n\n\n\n\n\n\n\n\n\n\n\n\n\n\n\n\n\n\n\n\n\n\n\n\n\n<p style=\"text-align: center; color: rgb(104, 104, 178); font-size: 22px;\"><span style=\"font-family:Milonga;\">Curso<\/span> <span style=\"font-family:Gugi;\">AEMA<\/span><span style=\"font-family:Milonga;\"> en Madrid<\/span><\/p>\n<p style=\"text-align: center;\"><strong style=\"color: rgb(104, 104, 178); font-size: 20px; font-family: Milonga;\">&nbsp;15 &#8211; 16 diciembre 2007<br><\/strong><span style=\"font-family: Milonga; font-size: 16px; color: rgb(104, 104, 178);\">Impartido por Mercedes Gonz\u00e1lez Cort<\/span><\/p>\n\n\n\n\n\n\n\n\n\n\n\n\n\n\n\n\n\n\n\n\n\n\n<p align=\"justify\" style=\"margin-top: 3px; margin-bottom: 3px;\"><span style=\"color: rgb(104, 104, 178); font-family: Arial; font-size: 15px;\">Los pasados d\u00edas 15 y 16 de Diciembre tuvo lugar el segundo curso de monta a la amazona organizado por la Asociaci\u00f3n, Mercedes Gonz\u00e1lez Cort gran profesional del mundo de la equitaci\u00f3n y debido a su larga trayectoria profesional, experta en la monta a la amazona, llev\u00f3 a cabo un curso ameno e interesante durante dos intensos d\u00edas, en los cuales las asistentes tuvieron la oportunidad de ampliar sus conocimientos mediante la teor\u00eda y la pr\u00e1ctica<\/font><\/span><\/span><\/span><\/span><\/p>\n<p align=\"justify\" style=\"margin-top: 3px; margin-bottom: 3px;\"><span style=\"color: rgb(104, 104, 178); font-family: Arial; font-size: 15px;\">Gracias a Marina, una de nuestra socias de Madrid, el curso se celebr\u00f3 en el centro ecuestre \u00abLos Ardales\u00bb y un almuerzo en San Agust\u00edn del Guadalix donde las socias que a\u00fan no se conoc\u00edan tuvieron la oportunidad de presentarse.<\/font><\/span><\/span><\/span><\/span><\/p>\n<p align=\"justify\" style=\"margin-top: 3px; margin-bottom: 3px;\"><span style=\"color: rgb(104, 104, 178); font-family: Arial; font-size: 15px;\">Numerosas socias hicieron el esfuerzo de acudir desde diferentes puntos de Espa\u00f1a y se volvi\u00f3 a repetir el \u00e9xito de n\u00famero de asistentes.<\/font><\/span><\/span><\/span><\/span><\/p>\n<p align=\"justify\" style=\"margin-top: 3px; margin-bottom: 3px;\"><span style=\"color: rgb(104, 104, 178); font-family: Arial; font-size: 15px;\">Muchas gracias a todas por vuestra participaci\u00f3n y colaboraci\u00f3n, sin vosotras esto no ser\u00eda posible.<\/font><\/span><\/span><\/span><\/span><\/p>\n\n\n\n\n\n\n\n\n\n\n\n\n\n\n\n","protected":false},"excerpt":{"rendered":"","protected":false},"author":1,"featured_media":0,"parent":0,"menu_order":0,"comment_status":"closed","ping_status":"closed","template":"","meta":{"pagelayer_contact_templates":[],"_pagelayer_content":"","footnotes":""},"folder":[42],"class_list":["post-170","page","type-page","status-publish","hentry"],"_links":{"self":[{"href":"https:\/\/www.monta-amazona.com\/eventos\/wp-json\/wp\/v2\/pages\/170","targetHints":{"allow":["GET"]}}],"collection":[{"href":"https:\/\/www.monta-amazona.com\/eventos\/wp-json\/wp\/v2\/pages"}],"about":[{"href":"https:\/\/www.monta-amazona.com\/eventos\/wp-json\/wp\/v2\/types\/page"}],"author":[{"embeddable":true,"href":"https:\/\/www.monta-amazona.com\/eventos\/wp-json\/wp\/v2\/users\/1"}],"replies":[{"embeddable":true,"href":"https:\/\/www.monta-amazona.com\/eventos\/wp-json\/wp\/v2\/comments?post=170"}],"version-history":[{"count":0,"href":"https:\/\/www.monta-amazona.com\/eventos\/wp-json\/wp\/v2\/pages\/170\/revisions"}],"wp:attachment":[{"href":"https:\/\/www.monta-amazona.com\/eventos\/wp-json\/wp\/v2\/media?parent=170"}],"wp:term":[{"taxonomy":"folder","embeddable":true,"href":"https:\/\/www.monta-amazona.com\/eventos\/wp-json\/wp\/v2\/folder?post=170"}],"curies":[{"name":"wp","href":"https:\/\/api.w.org\/{rel}","templated":true}]}}

<p>2007</p>





















<p style="text-align: center;"><strong style="color: rgb(104, 104, 178); font-size: 22px; font-family: Milonga;">EQUIMUR ·&nbsp;</strong><font color="#6868b2" face="Milonga"><span style="font-size: 22px;"><b>Torrepacheco</b></span></font></p>




<p style="text-align: center;"><strong style="color: rgb(104, 104, 178); font-size: 20px; font-family: Milonga;" arial"="" size="2">23, 24 y 25 marzo 2007</strong></p>






















<p style="text-align: center;"><strong style="color: rgb(104, 104, 178); font-size: 16px; font-family: Milonga;">EQUIMUR ·&nbsp;</strong><font color="#6868b2" face="Milonga"><span style="font-size: 14px;"><b>Torrepacheco</b></span></font></p>
<p style="text-align: center;"><strong style="color: rgb(104, 104, 178); font-size: 14px; font-family: Milonga;" arial"="" size="2">23, 24 y 25 marzo 2007</strong></p>







<p align="justify" style="margin-top: 3px; margin-bottom: 3px;"><span style="color: rgb(48, 48, 128); font-family: Arial; font-size: 15px;">Equimur es un referente para los aficionados del mundo del caballo,</span><span style="font-size:15px;"><span style="color:#303080;"><span style="font-variant-numeric: normal; font-variant-east-asian: normal; text-align: -webkit-auto; border-collapse: separate; font-family: &quot;Times New Roman&quot;; line-height: normal; border-spacing: 0px; text-size-adjust: auto;"><span style="border-collapse: separate; font-variant-numeric: normal; font-variant-east-asian: normal; line-height: normal; text-align: -webkit-auto; border-spacing: 0px; text-size-adjust: auto;"><font face="Arial">&nbsp;es la segunda Feria <span style="color:#303080;">Ecuestre mas importante de España después de Sicab (Salón del caballo Español, en Sevilla). En cuanto a asistencia de ganaderías y público (42.000 personas visitaron la Feria durante los 5 días de duración).</span></font></span></span></span></span></p>

			<p align="justify" style="margin-top: 3px; margin-bottom: 3px;"><span style="font-size:15px;"><span style="color:#303080;"><span style="font-variant-numeric: normal; font-variant-east-asian: normal; text-align: -webkit-auto; border-collapse: separate; font-family: &quot;Times New Roman&quot;; line-height: normal; border-spacing: 0px; text-size-adjust: auto;"><span style="border-collapse: separate; font-variant-numeric: normal; font-variant-east-asian: normal; line-height: normal; text-align: -webkit-auto; border-spacing: 0px; text-size-adjust: auto;"><font face="Arial">Tuvimos la oportunidad de estar allí, mostrando al numeroso público asistente la monta a la amazona con un bonito espectáculo realizado por tres amazonas montando a tres imponentes caballos de P.R.E. que realizaron ejercicios de Alta Escuela causando gran sensación entre el público asistente llegando a ser uno de los números que arrancó mas aplausos.</font></span></span></span></span></p>



















<p style="text-align: center;"><strong style="color: rgb(104, 104, 178); font-size: 22px; font-family: Milonga;" arial"="" size="2">National Side Saddle Show · Reino Unido</strong></p>
<p style="text-align: center;"><strong style="color: rgb(104, 104, 178); font-size: 18px; font-family: Milonga;" arial="arial">3, 4 y 5 agosto 2007</strong></p>
























<p align="justify" style="margin-top: 3px; margin-bottom: 3px;"><span style="color: rgb(48, 48, 128); font-family: Arial; font-size: 15px;">La Asociación Inglesa cuenta con mas de 25 años a sus espaldas de dilatada experiencia siendo la Asociación de este tipo de monta con más socios (unos 1200) en el mundo, país de consolidadas tradiciones y de verdes paisajes es un lugar idílico para esta cita, durante tres intensos días donde cientos de amazonas participan en mas de 70 tipos de pruebas.</span></p>















<p style="text-align: center;"><span style="color: rgb(104, 104, 178); font-size: 22px;"><span style="font-family: Milonga;">II Asamblea</span><span style="font-weight: bold; font-family: Milonga;"> </span><span style="font-family: Gugi; font-size: 22px;">AEMA</span></span><p></p></p>
<p style="text-align: center;"><strong style="color: rgb(104, 104, 178); font-size: 18px; font-family: Milonga;" arial"="" size="2">Curso AEMA · Sevilla<br>&nbsp;25 agosto 2007</strong></p>






















<p align="justify" style="margin-top: 3px; margin-bottom: 3px; margin-left: 30px; "><span style="color: rgb(104, 104, 178); font-family: Arial; font-size: 15px;"></span></p><span style="color:#303080;"><p align="justify" style="margin-top: 3px; margin-bottom: 3px; margin-left: 30px; "><span style="font-family: Arial; font-size: 15px;">El 28 de Agosto tuvo lugar el primer curso impartido por la Asociación Española de Monta a la Amazona, debido al gran desconocimiento y la poca información que hay en España, creímos oportuno que debíamos solventar las muchas dudas de nuestras socias, Elena Moral representante de Levante explicó de forma clara y con la ayuda de un proyector los diferentes puntos que se trataron, como la forma correcta de la montura de amazona, la posición correcta de las cornetas etc., Sara representante de Andalucía también aclaro las diversas dudas que existen en cuanto a los trajes de amazona, mostrando a las asistentes como debe vestir una amazona correctamente tanto de corto como de rondeña. Una vez finalizado el curso teórico se paso a la práctica y algunas socias se animaron a participar enseñándolas diversas formas de subirse, la posición correcta en la montura, etc.</span></p>
<p align="justify" style="margin-top: 3px; margin-bottom: 3px; margin-left: 30px; "><span style="font-family: Arial; font-size: 15px;">Debido a la grata acogida y la gran participación que tuvo entre nuestras socias aprovechamos la ocasión para realizar una comida y celebrar una Asamblea donde se trataron diversos puntos para la buena marcha de la asociación.</span></p>
<p align="justify" style="margin-top: 3px; margin-bottom: 3px; margin-left: 30px; "><span style="font-family: Arial; font-size: 15px;">Gracias a todas las que asistísteis y a las que no, no os preocupéis que haremos muchos más!!!</span></p></span><p align="justify" style="margin-top: 3px; margin-bottom: 3px; margin-left: 30px; "><span style="color: rgb(104, 104, 178); font-family: Arial; font-size: 15px;"></span></p>































<h3 style="color: rgb(104, 104, 178);">SICAB 2007 · Sevilla</h3>
























<p align="justify" style="margin-top: 3px; margin-bottom: 3px;"><span style="color: rgb(104, 104, 178); font-family: Arial; font-size: 15px;">Por primera vez en España, la Asociación Española demostró la versatilidad del P.R.E a la amazona en el marco mas adecuado para tal exhibición como es el salón del P.R.E, la Feria mas importante en España dedicada al caballo, que es visitada por miles de aficionados de todas las regiones de España.</font></span></span></span></span></p>
<p align="justify" style="margin-top: 3px; margin-bottom: 3px;"><span style="color: rgb(104, 104, 178); font-family: Arial; font-size: 15px;">La Asociación Española de Monta a la Amazona quedó en tercer lugar de la clasificación final del concurso de exhibiciones, dicho espectáculo no dejó indiferentes tanto a público como a jueces siendo sus amazonas: Marina Tortosa, Maribel Jurado, Verónica Roda y Cecilia Durán felicitadas reiteradamente por ello.</font></span></span></span></span></p>
<p align="justify" style="margin-top: 3px; margin-bottom: 3px;"><span style="color: rgb(104, 104, 178); font-family: Arial; font-size: 15px;">También tuvimos la oportunidad de interactuar con el público asistente informando de nuestra actividad en el stand de Sayra Armenta.</font></span></span></span></span></p>



























<p style="text-align: center; color: rgb(104, 104, 178); font-size: 22px;"><span style="font-family:Milonga;">Curso</span> <span style="font-family:Gugi;">AEMA</span><span style="font-family:Milonga;"> en Madrid</span></p>
<p style="text-align: center;"><strong style="color: rgb(104, 104, 178); font-size: 20px; font-family: Milonga;">&nbsp;15 &#8211; 16 diciembre 2007<br></strong><span style="font-family: Milonga; font-size: 16px; color: rgb(104, 104, 178);">Impartido por Mercedes González Cort</span></p>






















<p align="justify" style="margin-top: 3px; margin-bottom: 3px;"><span style="color: rgb(104, 104, 178); font-family: Arial; font-size: 15px;">Los pasados días 15 y 16 de Diciembre tuvo lugar el segundo curso de monta a la amazona organizado por la Asociación, Mercedes González Cort gran profesional del mundo de la equitación y debido a su larga trayectoria profesional, experta en la monta a la amazona, llevó a cabo un curso ameno e interesante durante dos intensos días, en los cuales las asistentes tuvieron la oportunidad de ampliar sus conocimientos mediante la teoría y la práctica</font></span></span></span></span></p>
<p align="justify" style="margin-top: 3px; margin-bottom: 3px;"><span style="color: rgb(104, 104, 178); font-family: Arial; font-size: 15px;">Gracias a Marina, una de nuestra socias de Madrid, el curso se celebró en el centro ecuestre «Los Ardales» y un almuerzo en San Agustín del Guadalix donde las socias que aún no se conocían tuvieron la oportunidad de presentarse.</font></span></span></span></span></p>
<p align="justify" style="margin-top: 3px; margin-bottom: 3px;"><span style="color: rgb(104, 104, 178); font-family: Arial; font-size: 15px;">Numerosas socias hicieron el esfuerzo de acudir desde diferentes puntos de España y se volvió a repetir el éxito de número de asistentes.</font></span></span></span></span></p>
<p align="justify" style="margin-top: 3px; margin-bottom: 3px;"><span style="color: rgb(104, 104, 178); font-family: Arial; font-size: 15px;">Muchas gracias a todas por vuestra participación y colaboración, sin vosotras esto no sería posible.</font></span></span></span></span></p>
