{"id":207,"date":"2024-03-07T15:04:14","date_gmt":"2024-03-07T15:04:14","guid":{"rendered":"https:\/\/www.monta-amazona.com\/eventos\/?page_id=207"},"modified":"2024-03-07T15:04:14","modified_gmt":"2024-03-07T15:04:14","slug":"ev2008","status":"publish","type":"page","link":"https:\/\/www.monta-amazona.com\/eventos\/ev2008\/","title":{"rendered":"2008"},"content":{"rendered":"\n\n\n\n\n\n\n\n<p>2008<\/p>\n\n\n\n\n\n\n\n\n\n\n\n\n\n\n\n\n\n<p style=\"text-align: center;\"><strong style=\"color: rgb(104, 104, 178); font-size: 22px; font-family: Milonga;\">EQUIMUR \u00b7&nbsp;<\/strong><font color=\"#6868b2\" face=\"Milonga\"><span style=\"font-size: 22px;\"><b>Torrepacheco<\/b><\/span><\/font><\/p>\n<p style=\"text-align: center;\"><strong style=\"color: rgb(104, 104, 178); font-size: 20px; font-family: Milonga;\" arial\"=\"\" size=\"2\">6 &#8211; 9 marzo 2008<\/strong><\/p>\n\n\n\n\n\n\n\n\n\n\n\n\n\n\n\n\n\n\n<span style=\"color: rgb(48, 48, 128); font-size: 14px;\"><p style=\" margin-left: 30px; \">AEMA estuvo este a\u00f1o muy presente en el XIII Sal\u00f3n Nacional de Caballos de Razas Puras de la Regi\u00f3n de Murcia \u00b7 Equimur 2008, organizando numerosas actividades relacionadas con la monta a la amazona.<\/p><p><br><\/p>\n<p style=\" margin-left: 30px; \">&#8211; Presentaci\u00f3n de la nueva imagen (logo) de la Asociaci\u00f3n&nbsp;<\/p><p style=\" margin-left: 30px; \">&#8211; Conferencia impartida por D\u00f1a. Mercedes Gonzalez Cort&nbsp;<\/p><p style=\" margin-left: 30px; \">&#8211; Homenaje a varias amazonas que han participado a la amazona en distintas disciplinas,&nbsp;<\/p><p style=\" margin-left: 30px; \">&#8211; Comida de amazonas y amigos&nbsp;<\/p><p style=\" margin-left: 30px; \">&#8211; Encuentro de amazonas y socias en el stand expositor de la Asociaci\u00f3n.<\/p><p><br><\/p><p style=\" margin-left: 30px; \">Como colof\u00f3n participamos en el espect\u00e1culo de la Muestra con un carrusel integrado por diez amazonas, in\u00e9dito hasta el momento. Con ejercicios laterales, galope, passage, piaffe, aires de alta escuela e incluso salto, las amazonas cautivaron a los espectadores, que correspond\u00edan con calurosos aplausos.<\/p><\/span><p><\/p>\n\n\n\n\n\n\n\n\n\n\n\n\n\n\n\n\n\n\n\n\n\n\n\n\n\n\n\n\n<p style=\"text-align: center; color: rgb(104, 104, 178); font-size: 22px;\"><span style=\"font-family:Milonga;\">Curso<\/span> <span style=\"font-family:Gugi;\">AEMA<\/span><span style=\"font-family:Milonga;\">  \u00b7 Los Palacios y Villafranca<\/span><\/p>\n<p style=\"text-align: center;\"><strong style=\"color: rgb(104, 104, 178); font-size: 20px; font-family: Milonga;\" arial\"=\"\" size=\"2\">24 mayo 2008<\/strong><\/p>\n\n\n\n\n\n\n\n<p style=\"text-indent: 40px;\"><span style=\"color:#303080;\">El S&aacute;bado 24 de Mayo de 2008, tuvo lugar en el Centro Ecuestre Don Rodrigo de D. Manuel Carvajal en Los Palacios y Villafranca, Sevilla, el II Clinic Te&oacute;rico-pr&aacute;ctico organizado por AEMA e impartido por Mercedes Gonz&aacute;lez Cort.<\/span><\/p>\n\n<p style=\"text-indent: 40px;\"><span style=\"color:#303080;\">Puntualmente Mercedes comenz&oacute; con su exposici&oacute;n te&oacute;rica con unas expectantes 18 amazonas. La parte Pr&aacute;ctica comenz&oacute; a mitad ma&ntilde;ana, con el transporte y colocaci&oacute;n de la montura inglesa en el caballo, donde las impresiones y preguntas de las asistentes fueron escuchadas y explicadas por Mercedes. <\/span><\/p>\n\n<p style=\"text-indent: 40px;\"><span style=\"color:#303080;\">Despu&eacute;s de la comida, la tarde comenz&oacute; con un poco m&aacute;s de teor&iacute;a mientras se preparaba el segundo caballo, este ya m&aacute;s domado Todo ello observado por las asistentes desde la tribuna del picadero cubierto. <\/span><\/p>\n\n<p style=\"text-indent: 40px;\"><span style=\"color:#303080;\">A eso de las 7 de la tarde hubo una peque&ntilde;a merienda, donde las asistentes se relajaron e intercambiaron tel&eacute;fonos y direcciones de correo. Seguidamente se mont&oacute; el caballo de una de las asistentes. <\/span><\/p>\n\n<p style=\"text-indent: 40px;\"><span style=\"color:#303080;\">Para terminar se pas&oacute; a la explicaci&oacute;n de la vestimenta de la amazona tanto a la Inglesa como a la Vaquera. Justo despu&eacute;s se Repartieron Diplomas a las asistentes al Clinic. <\/span><\/p>\n<p><br><\/p>\n\n\n\n\n\n\n\n\n\n\n\n\n\n\n\n\n\n\n\n\n\n\n\n<p style=\"text-align: center;\"><strong style=\"color: rgb(104, 104, 178); font-size: 22px; font-family: Milonga;\">EQUITAL \u00b7&nbsp;<\/strong><font color=\"#6868b2\" face=\"Milonga\"><span style=\"font-size: 22px;\"><strong>Talavera de la Reina<\/strong><\/span><\/font><\/p>\n<p style=\"text-align: center;\"><strong style=\"color: rgb(104, 104, 178); font-size: 20px; font-family: Milonga;\" arial\"=\"\" size=\"2\">11 &#8211; 14 septiembre 2008<\/strong><\/p>\n\n\n\n\n\n\n\n\n\n\n\n\n\n\n\n\n\n\n\n<p style=\"font-family: Milonga; font-size: 32px; text-align: center; color: rgb(104, 104, 178);\">\u00a1Estamos renovando!<\/p>\n\n<p style=\"font-family: Milonga; font-size: 32px; text-align: center; color: rgb(104, 104, 178);\">Regrese Pronto<\/p>\n\n\n\n\n\n\n\n","protected":false},"excerpt":{"rendered":"","protected":false},"author":1,"featured_media":0,"parent":0,"menu_order":0,"comment_status":"closed","ping_status":"closed","template":"","meta":{"pagelayer_contact_templates":[],"_pagelayer_content":"","footnotes":""},"folder":[42],"class_list":["post-207","page","type-page","status-publish","hentry"],"_links":{"self":[{"href":"https:\/\/www.monta-amazona.com\/eventos\/wp-json\/wp\/v2\/pages\/207","targetHints":{"allow":["GET"]}}],"collection":[{"href":"https:\/\/www.monta-amazona.com\/eventos\/wp-json\/wp\/v2\/pages"}],"about":[{"href":"https:\/\/www.monta-amazona.com\/eventos\/wp-json\/wp\/v2\/types\/page"}],"author":[{"embeddable":true,"href":"https:\/\/www.monta-amazona.com\/eventos\/wp-json\/wp\/v2\/users\/1"}],"replies":[{"embeddable":true,"href":"https:\/\/www.monta-amazona.com\/eventos\/wp-json\/wp\/v2\/comments?post=207"}],"version-history":[{"count":0,"href":"https:\/\/www.monta-amazona.com\/eventos\/wp-json\/wp\/v2\/pages\/207\/revisions"}],"wp:attachment":[{"href":"https:\/\/www.monta-amazona.com\/eventos\/wp-json\/wp\/v2\/media?parent=207"}],"wp:term":[{"taxonomy":"folder","embeddable":true,"href":"https:\/\/www.monta-amazona.com\/eventos\/wp-json\/wp\/v2\/folder?post=207"}],"curies":[{"name":"wp","href":"https:\/\/api.w.org\/{rel}","templated":true}]}}

<p>2008</p>

















<p style="text-align: center;"><strong style="color: rgb(104, 104, 178); font-size: 22px; font-family: Milonga;">EQUIMUR ·&nbsp;</strong><font color="#6868b2" face="Milonga"><span style="font-size: 22px;"><b>Torrepacheco</b></span></font></p>
<p style="text-align: center;"><strong style="color: rgb(104, 104, 178); font-size: 20px; font-family: Milonga;" arial"="" size="2">6 &#8211; 9 marzo 2008</strong></p>


















<span style="color: rgb(48, 48, 128); font-size: 14px;"><p style=" margin-left: 30px; ">AEMA estuvo este año muy presente en el XIII Salón Nacional de Caballos de Razas Puras de la Región de Murcia · Equimur 2008, organizando numerosas actividades relacionadas con la monta a la amazona.</p><p><br></p>
<p style=" margin-left: 30px; ">&#8211; Presentación de la nueva imagen (logo) de la Asociación&nbsp;</p><p style=" margin-left: 30px; ">&#8211; Conferencia impartida por Dña. Mercedes Gonzalez Cort&nbsp;</p><p style=" margin-left: 30px; ">&#8211; Homenaje a varias amazonas que han participado a la amazona en distintas disciplinas,&nbsp;</p><p style=" margin-left: 30px; ">&#8211; Comida de amazonas y amigos&nbsp;</p><p style=" margin-left: 30px; ">&#8211; Encuentro de amazonas y socias en el stand expositor de la Asociación.</p><p><br></p><p style=" margin-left: 30px; ">Como colofón participamos en el espectáculo de la Muestra con un carrusel integrado por diez amazonas, inédito hasta el momento. Con ejercicios laterales, galope, passage, piaffe, aires de alta escuela e incluso salto, las amazonas cautivaron a los espectadores, que correspondían con calurosos aplausos.</p></span><p></p>




























<p style="text-align: center; color: rgb(104, 104, 178); font-size: 22px;"><span style="font-family:Milonga;">Curso</span> <span style="font-family:Gugi;">AEMA</span><span style="font-family:Milonga;">  · Los Palacios y Villafranca</span></p>
<p style="text-align: center;"><strong style="color: rgb(104, 104, 178); font-size: 20px; font-family: Milonga;" arial"="" size="2">24 mayo 2008</strong></p>







<p style="text-indent: 40px;"><span style="color:#303080;">El S&aacute;bado 24 de Mayo de 2008, tuvo lugar en el Centro Ecuestre Don Rodrigo de D. Manuel Carvajal en Los Palacios y Villafranca, Sevilla, el II Clinic Te&oacute;rico-pr&aacute;ctico organizado por AEMA e impartido por Mercedes Gonz&aacute;lez Cort.</span></p>

<p style="text-indent: 40px;"><span style="color:#303080;">Puntualmente Mercedes comenz&oacute; con su exposici&oacute;n te&oacute;rica con unas expectantes 18 amazonas. La parte Pr&aacute;ctica comenz&oacute; a mitad ma&ntilde;ana, con el transporte y colocaci&oacute;n de la montura inglesa en el caballo, donde las impresiones y preguntas de las asistentes fueron escuchadas y explicadas por Mercedes. </span></p>

<p style="text-indent: 40px;"><span style="color:#303080;">Despu&eacute;s de la comida, la tarde comenz&oacute; con un poco m&aacute;s de teor&iacute;a mientras se preparaba el segundo caballo, este ya m&aacute;s domado Todo ello observado por las asistentes desde la tribuna del picadero cubierto. </span></p>

<p style="text-indent: 40px;"><span style="color:#303080;">A eso de las 7 de la tarde hubo una peque&ntilde;a merienda, donde las asistentes se relajaron e intercambiaron tel&eacute;fonos y direcciones de correo. Seguidamente se mont&oacute; el caballo de una de las asistentes. </span></p>

<p style="text-indent: 40px;"><span style="color:#303080;">Para terminar se pas&oacute; a la explicaci&oacute;n de la vestimenta de la amazona tanto a la Inglesa como a la Vaquera. Justo despu&eacute;s se Repartieron Diplomas a las asistentes al Clinic. </span></p>
<p><br></p>























<p style="text-align: center;"><strong style="color: rgb(104, 104, 178); font-size: 22px; font-family: Milonga;">EQUITAL ·&nbsp;</strong><font color="#6868b2" face="Milonga"><span style="font-size: 22px;"><strong>Talavera de la Reina</strong></span></font></p>
<p style="text-align: center;"><strong style="color: rgb(104, 104, 178); font-size: 20px; font-family: Milonga;" arial"="" size="2">11 &#8211; 14 septiembre 2008</strong></p>



















<p style="font-family: Milonga; font-size: 32px; text-align: center; color: rgb(104, 104, 178);">¡Estamos renovando!</p>

<p style="font-family: Milonga; font-size: 32px; text-align: center; color: rgb(104, 104, 178);">Regrese Pronto</p>
